CRAN Package Check Results for Package CongreveLamsdell2016

Last updated on 2024-06-14 07:52:56 CEST.

Flavor Version Tinstall Tcheck Ttotal Status Flags
r-devel-linux-x86_64-debian-clang 1.0.3 7.73 322.33 330.06 OK
r-devel-linux-x86_64-debian-gcc 1.0.3 6.05 247.30 253.35 OK
r-devel-linux-x86_64-fedora-clang 1.0.3 390.55 OK
r-devel-linux-x86_64-fedora-gcc 1.0.3 374.75 OK
r-devel-windows-x86_64 1.0.3 7.00 946.00 953.00 OK
r-patched-linux-x86_64 1.0.3 8.03 314.27 322.30 OK
r-release-linux-x86_64 1.0.3 7.67 318.80 326.47 OK
r-release-macos-arm64 1.0.3 135.00 OK
r-release-macos-x86_64 1.0.3 225.00 OK
r-release-windows-x86_64 1.0.3 8.00 499.00 507.00 ERROR
r-oldrel-macos-arm64 1.0.3 142.00 OK
r-oldrel-macos-x86_64 1.0.3 244.00 OK
r-oldrel-windows-x86_64 1.0.3 10.00 698.00 708.00 OK

Check Details

Version: 1.0.3
Check: re-building of vignette outputs
Result: ERROR Error(s) in re-building vignettes: --- re-building 'Compare-methods.Rmd' using rmarkdown Warning in system2(..., stdout = if (use_file_stdout()) f1 else FALSE, stderr = f2) : 'CreateProcess' failed to run 'C:\PROGRA~1\MiKTeX\miktex\bin\x64\pdflatex.exe -halt-on-error -interaction=batchmode "D:/RCompile/CRANpkg/local/4.4/CongreveLamsdell2016.Rcheck/vign_test/CongreveLamsdell2016/vignettes/Compare-methods.tex"' ! Entschuldigung, aber C:\PROGRA~1\MiKTeX\miktex\bin\x64\pdflatex.exe schlug fehl. ! Die Log-Datei enthält hoffentlich alle Informationen, um MiKTeX wieder in Gang zu bringen. ! C:\Users\CRAN\AppData\Local\MiKTeX\miktex\log\pdflatex.log Error: processing vignette 'Compare-methods.Rmd' failed with diagnostics: LaTeX failed to compile D:/RCompile/CRANpkg/local/4.4/CongreveLamsdell2016.Rcheck/vign_test/CongreveLamsdell2016/vignettes/Compare-methods.tex. See https://yihui.org/tinytex/r/#debugging for debugging tips. See Compare-methods.log for more info. --- failed re-building 'Compare-methods.Rmd' SUMMARY: processing the following files failed: 'Compare-methods.Rmd' 'Compare-node-supports.Rmd' 'Conduct-analyses.Rmd' Error: Vignette re-building failed. Execution halted Flavor: r-release-windows-x86_64

Version: 1.0.3
Check: PDF version of manual
Result: WARN LaTeX errors when creating PDF version. This typically indicates Rd problems. Flavor: r-release-windows-x86_64

Version: 1.0.3
Check: PDF version of manual without index
Result: ERROR Re-running with no redirection of stdout/stderr. Flavor: r-release-windows-x86_64