Last updated on 2025-01-16 19:48:22 CET.
Flavor | Version | Tinstall | Tcheck | Ttotal | Status | Flags |
---|---|---|---|---|---|---|
r-devel-linux-x86_64-debian-clang | 0.3.3 | 7.15 | 42.32 | 49.47 | NOTE | |
r-devel-linux-x86_64-debian-gcc | 0.3.3 | 4.67 | 32.43 | 37.10 | NOTE | |
r-devel-linux-x86_64-fedora-clang | 0.3.3 | 83.51 | OK | |||
r-devel-linux-x86_64-fedora-gcc | 0.3.3 | 79.36 | OK | |||
r-devel-windows-x86_64 | 0.3.3 | 8.00 | 60.00 | 68.00 | NOTE | |
r-patched-linux-x86_64 | 0.3.3 | 11.12 | 40.06 | 51.18 | OK | |
r-release-linux-x86_64 | 0.3.3 | 6.62 | 39.76 | 46.38 | OK | |
r-release-macos-arm64 | 0.3.3 | 26.00 | OK | |||
r-release-macos-x86_64 | 0.3.3 | 41.00 | OK | |||
r-release-windows-x86_64 | 0.3.3 | 10.00 | 60.00 | 70.00 | OK | |
r-oldrel-macos-arm64 | 0.3.3 | 33.00 | OK | |||
r-oldrel-macos-x86_64 | 0.3.3 | 54.00 | OK | |||
r-oldrel-windows-x86_64 | 0.3.3 | 10.00 | 68.00 | 78.00 | OK |
Version: 0.3.3
Check: Rd cross-references
Result: NOTE
Found the following Rd file(s) with Rd \link{} targets missing package
anchors:
ClickHouseHTTPConnection-class.Rd: dbConnect
Please provide package anchors for all Rd \link{} targets not in the
package itself and the base packages.
Flavors: r-devel-linux-x86_64-debian-clang, r-devel-linux-x86_64-debian-gcc, r-devel-windows-x86_64