CRAN Package Check Results for Package CSeqpat

Last updated on 2024-07-24 20:52:19 CEST.

Flavor Version Tinstall Tcheck Ttotal Status Flags
r-devel-linux-x86_64-debian-clang 0.1.2 2.85 33.69 36.54 NOTE
r-devel-linux-x86_64-debian-gcc 0.1.2 2.56 25.07 27.63 NOTE
r-devel-linux-x86_64-fedora-clang 0.1.2 46.29 NOTE
r-devel-linux-x86_64-fedora-gcc 0.1.2 43.69 NOTE
r-devel-windows-x86_64 0.1.2 4.00 44.00 48.00 NOTE
r-patched-linux-x86_64 0.1.2 3.61 31.88 35.49 NOTE
r-release-linux-x86_64 0.1.2 3.28 31.64 34.92 NOTE
r-release-macos-arm64 0.1.2 18.00 NOTE
r-release-macos-x86_64 0.1.2 26.00 NOTE
r-release-windows-x86_64 0.1.2 4.00 45.00 49.00 NOTE
r-oldrel-macos-arm64 0.1.2 18.00 NOTE
r-oldrel-macos-x86_64 0.1.2 24.00 NOTE
r-oldrel-windows-x86_64 0.1.2 5.00 48.00 53.00 NOTE

Check Details

Version: 0.1.2
Check: LazyData
Result: NOTE 'LazyData' is specified without a 'data' directory Flavors: r-devel-linux-x86_64-debian-clang, r-devel-linux-x86_64-debian-gcc, r-devel-linux-x86_64-fedora-clang, r-devel-linux-x86_64-fedora-gcc, r-devel-windows-x86_64, r-patched-linux-x86_64, r-release-linux-x86_64, r-release-macos-arm64, r-release-macos-x86_64, r-release-windows-x86_64, r-oldrel-macos-arm64, r-oldrel-macos-x86_64, r-oldrel-windows-x86_64