CRAN Package Check Results for Package CRTspat

Last updated on 2024-06-22 04:48:57 CEST.

Flavor Version Tinstall Tcheck Ttotal Status Flags
r-devel-linux-x86_64-debian-clang 1.2.0 11.67 128.55 140.22 NOTE
r-devel-linux-x86_64-debian-gcc 1.2.0 9.09 95.75 104.84 NOTE
r-devel-linux-x86_64-fedora-clang 1.2.0 249.08 OK
r-devel-linux-x86_64-fedora-gcc 1.2.0 254.94 OK
r-devel-windows-x86_64 1.2.0 10.00 169.00 179.00 OK
r-patched-linux-x86_64 1.2.0 10.07 119.47 129.54 NOTE
r-release-linux-x86_64 1.2.0 8.87 125.50 134.37 NOTE
r-release-macos-arm64 1.2.0 72.00 NOTE
r-release-macos-x86_64 1.2.0 89.00 NOTE
r-release-windows-x86_64 1.2.0 10.00 166.00 176.00 OK
r-oldrel-macos-arm64 1.2.0 67.00 NOTE
r-oldrel-macos-x86_64 1.2.0 187.00 NOTE
r-oldrel-windows-x86_64 1.2.0 13.00 152.00 165.00 NOTE

Check Details

Version: 1.2.0
Check: package dependencies
Result: NOTE Package suggested but not available for checking: ‘INLA’ Flavors: r-devel-linux-x86_64-debian-clang, r-devel-linux-x86_64-debian-gcc, r-patched-linux-x86_64, r-release-linux-x86_64, r-release-macos-arm64, r-release-macos-x86_64, r-oldrel-macos-arm64, r-oldrel-macos-x86_64, r-oldrel-windows-x86_64