CRAN Package Check Results for Package CDMConnector

Last updated on 2024-06-12 19:54:13 CEST.

Flavor Version Tinstall Tcheck Ttotal Status Flags
r-devel-linux-x86_64-debian-clang 1.4.0 13.57 503.52 517.09 NOTE
r-devel-linux-x86_64-debian-gcc 1.4.0 0.69 1.90 2.59 ERROR
r-devel-linux-x86_64-fedora-clang 1.4.0 625.34 NOTE
r-devel-linux-x86_64-fedora-gcc 1.4.0 625.30 NOTE
r-devel-windows-x86_64 1.4.0 11.00 330.00 341.00 NOTE
r-patched-linux-x86_64 1.4.0 8.56 487.12 495.68 NOTE
r-release-linux-x86_64 1.4.0 7.72 479.13 486.85 NOTE
r-release-macos-arm64 1.4.0 179.00 NOTE
r-release-macos-x86_64 1.4.0 276.00 NOTE
r-release-windows-x86_64 1.4.0 11.00 342.00 353.00 NOTE
r-oldrel-macos-arm64 1.4.0 186.00 NOTE
r-oldrel-macos-x86_64 1.4.0 438.00 NOTE
r-oldrel-windows-x86_64 1.4.0 14.00 422.00 436.00 NOTE

Check Details

Version: 1.4.0
Check: package dependencies
Result: NOTE Package which this enhances but not available for checking: ‘Capr’ Flavors: r-devel-linux-x86_64-debian-clang, r-devel-linux-x86_64-fedora-clang, r-devel-linux-x86_64-fedora-gcc, r-devel-windows-x86_64, r-patched-linux-x86_64, r-release-linux-x86_64, r-release-macos-arm64, r-release-macos-x86_64, r-release-windows-x86_64, r-oldrel-macos-arm64, r-oldrel-macos-x86_64, r-oldrel-windows-x86_64

Version: 1.4.0
Check: package dependencies
Result: ERROR Packages required but not available: 'dplyr', 'dbplyr', 'purrr', 'tidyselect', 'readr', 'waldo', 'stringr', 'tidyr', 'omopgenerics' Packages suggested but not available for checking: 'RSQLite', 'RPostgres', 'odbc', 'ggplot2', 'bigrquery', 'DatabaseConnector', 'lubridate', 'tibble', 'testthat', 'snakecase', 'visR' Packages which this enhances but not available for checking: 'arrow', 'Capr' See section ‘The DESCRIPTION file’ in the ‘Writing R Extensions’ manual. Flavor: r-devel-linux-x86_64-debian-gcc