CRAN Package Check Results for Package BlockmodelingGUI

Last updated on 2024-06-14 07:52:54 CEST.

Flavor Version Tinstall Tcheck Ttotal Status Flags
r-devel-linux-x86_64-debian-clang 1.8.4 11.32 89.24 100.56 OK
r-devel-linux-x86_64-debian-gcc 1.8.4 9.05 66.65 75.70 OK
r-devel-linux-x86_64-fedora-clang 1.8.4 122.85 OK
r-devel-linux-x86_64-fedora-gcc 1.8.4 117.91 OK
r-devel-windows-x86_64 1.8.4 10.00 78.00 88.00 OK
r-patched-linux-x86_64 1.8.4 10.93 85.78 96.71 OK
r-release-linux-x86_64 1.8.4 9.92 83.81 93.73 OK
r-release-macos-arm64 1.8.4 39.00 OK
r-release-macos-x86_64 1.8.4 56.00 OK
r-release-windows-x86_64 1.8.4 11.00 90.00 101.00 FAIL
r-oldrel-macos-arm64 1.8.4 41.00 OK
r-oldrel-macos-x86_64 1.8.4 61.00 OK
r-oldrel-windows-x86_64 1.8.4 12.00 92.00 104.00 OK

Check Details

Version: 1.8.4
Check: HTML version of manual
Result: FAIL
Flavor: r-release-windows-x86_64