CRAN Package Check Results for Package BiplotGUI

Last updated on 2024-06-24 07:53:29 CEST.

Flavor Version Tinstall Tcheck Ttotal Status Flags
r-devel-windows-x86_64 0.0-7 22.00 80.00 102.00 NOTE
r-release-windows-x86_64 0.0-7 25.00 82.00 107.00 NOTE
r-oldrel-macos-x86_64 0.0-7 10.00 ERROR
r-oldrel-windows-x86_64 0.0-7 28.00 96.00 124.00 NOTE

Check Details

Version: 0.0-7
Check: package dependencies
Result: NOTE Depends: includes the non-default packages: 'colorspace', 'deldir', 'rgl', 'tcltk', 'tcltk2', 'tkrplot' Adding so many packages to the search path is excessive and importing selectively is preferable. Flavors: r-devel-windows-x86_64, r-release-windows-x86_64, r-oldrel-windows-x86_64

Version: 0.0-7
Check: DESCRIPTION meta-information
Result: NOTE Package listed in more than one of Depends, Imports, Suggests, Enhances: 'colorspace' A package should be listed in only one of these fields. Flavors: r-devel-windows-x86_64, r-release-windows-x86_64, r-oldrel-macos-x86_64, r-oldrel-windows-x86_64

Version: 0.0-7
Check: dependencies in R code
Result: NOTE Packages in Depends field not imported from: 'deldir' 'rgl' 'tcltk' 'tcltk2' 'tkrplot' These packages need to be imported from (in the NAMESPACE file) for when this namespace is loaded but not attached. Flavors: r-devel-windows-x86_64, r-release-windows-x86_64, r-oldrel-macos-x86_64, r-oldrel-windows-x86_64

Version: 0.0-7
Check: R code for possible problems
Result: NOTE Biplots: no visible global function definition for 'tclRequire' Biplots : bpar.initialise1.func: no visible global function definition for 'hcl' Biplots : bpar.initialise2.func: no visible global function definition for 'hcl' Biplots: no visible global function definition for 'graphics.off' Biplots : mytkrplot: no visible global function definition for '.make.tkindex' Biplots : mytkrplot: no visible global function definition for '.my.tkdev' Biplots : mytkrplot: no visible global function definition for '.Tcl' Biplots : mytkrplot: no visible global function definition for 'tklabel' Biplots : mytkrplot: no visible global function definition for 'tkbind' Biplots : mytkrplot : <anonymous>: no visible global function definition for '.Tcl' Biplots : getLabelUsr: no visible global function definition for 'strwidth' Biplots : getLabelUsr: no visible global function definition for 'strheight' Biplots : mynewplot: no visible global function definition for 'par' Biplots : mynewplot: no visible global function definition for 'axis' Biplots : legend2: no visible global function definition for 'par' Biplots : legend2: no visible global function definition for 'as.graphicsAnnot' Biplots : legend2: no visible global function definition for 'xy.coords' Biplots : legend2 : rect2: no visible global function definition for 'rect' Biplots : legend2 : segments2: no visible global function definition for 'segments' Biplots : legend2 : points2: no visible global function definition for 'points' Biplots : legend2 : text2: no visible global function definition for 'text' Biplots : legend2: no visible global function definition for 'strwidth' Biplots : legend2: no visible global function definition for 'xinch' Biplots : legend2: no visible global function definition for 'yinch' Biplots : legend2: no visible global function definition for 'strheight' Biplots : my.plot.tile.list: no visible global function definition for 'col2rgb' Biplots : my.plot.tile.list : <anonymous>: no visible binding for global variable 'rgb' Biplots : my.plot.tile.list: no visible binding for global variable 'rgb' Biplots : my.plot.tile.list: no visible global function definition for 'polygon' Biplots : my.plot.tile.list: no visible global function definition for 'mid.in' Biplots : my.plot.tile.list: no visible global function definition for 'segments' Biplots : my.plot.tile.list: no visible global function definition for 'points' Biplots : text2hex: no visible global function definition for 'col2rgb' Biplots : text2hex: no visible global function definition for 'rgb' Biplots : tkchooseColor: no visible global function definition for 'tcl' Biplots : mytktip: no visible global function definition for '.Tcl' Biplots: no visible global function definition for 'tktoplevel' Biplots: no visible global function definition for 'tkwm.title' Biplots: no visible global function definition for 'tk2ico.load' Biplots: no visible global function definition for 'tk2ico.set' Biplots: no visible global function definition for 'tk2ico.destroy' Biplots: no visible global function definition for 'tkwm.deiconify' Biplots: no visible global function definition for 'tkwinfo' Biplots: no visible global function definition for '.Tcl' Biplots: no visible global function definition for 'tkbind' Biplots : GUI.resize.replot: no visible global function definition for 'tkwinfo' Biplots : GUI.resize.replot: no visible global function definition for 'tclvalue' Biplots : GUI.resize.replot: no visible global function definition for 'tcl' Biplots : GUI.resize.replot: no visible global function definition for 'tkselect' Biplots : GUI.resize: no visible global function definition for '.Tcl' Biplots : GUI.resize: no visible global function definition for 'tclFun' Biplots : GUI.BindingsOff: no visible global function definition for 'tkconfigure' Biplots : GUI.BindingsOff: no visible global function definition for '.Tcl' Biplots : GUI.BindingsOff: no visible global function definition for 'tkbind' Biplots : GUI.BindingsOn: no visible global function definition for 'tkbind' Biplots : GUI.BindingsOn : <anonymous>: no visible global function definition for 'tkinvoke' Biplots : GUI.BindingsOn: no visible global function definition for 'tkconfigure' Biplots : GUI.BindingsOn: no visible global function definition for '.Tcl' Biplots : GUI.update: no visible global function definition for 'tclvalue' Biplots : GUI.update: no visible global function definition for 'tkentryconfigure' Biplots : GUI.update: no visible global function definition for 'tkget' Biplots : GUI.update: no visible global function definition for 'tkconfigure' Biplots : GUI.update: no visible global function definition for 'tcl' Biplots : File.Save.as.cmd: no visible global function definition for 'tclvalue' Biplots: no visible global function definition for 'tclVar' Biplots : File.SaveAs.PDF.cmd: no visible global function definition for 'tclvalue' Biplots : File.SaveAs.PDF.cmd: no visible global function definition for 'tkgetSaveFile' Biplots : File.SaveAs.PDF.cmd: no visible global function definition for 'pdf' Biplots : File.SaveAs.PDF.cmd: no visible global function definition for 'dev.off' Biplots : File.SaveAs.PDF.cmd: no visible global function definition for 'tkfocus' Biplots : File.SaveAs.Postscript.cmd: no visible global function definition for 'tclvalue' Biplots : File.SaveAs.Postscript.cmd: no visible global function definition for 'tkgetSaveFile' Biplots : File.SaveAs.Postscript.cmd: no visible global function definition for 'postscript' Biplots : File.SaveAs.Postscript.cmd: no visible global function definition for 'dev.off' Biplots : File.SaveAs.Postscript.cmd: no visible global function definition for 'tkfocus' Biplots : File.SaveAs.Metafile.cmd: no visible global function definition for 'tclvalue' Biplots : File.SaveAs.Metafile.cmd: no visible global function definition for 'tkgetSaveFile' Biplots : File.SaveAs.Metafile.cmd: no visible global function definition for 'win.metafile' Biplots : File.SaveAs.Metafile.cmd: no visible global function definition for 'dev.off' Biplots : File.SaveAs.Metafile.cmd: no visible global function definition for 'tkfocus' Biplots : File.SaveAs.Bmp.cmd: no visible global function definition for 'tclvalue' Biplots : File.SaveAs.Bmp.cmd: no visible global function definition for 'tkgetSaveFile' Biplots : File.SaveAs.Bmp.cmd: no visible global function definition for 'bmp' Biplots : File.SaveAs.Bmp.cmd: no visible global function definition for 'dev.off' Biplots : File.SaveAs.Bmp.cmd: no visible global function definition for 'tkfocus' Biplots : File.SaveAs.Png.cmd: no visible global function definition for 'tclvalue' Biplots : File.SaveAs.Png.cmd: no visible global function definition for 'tkgetSaveFile' Biplots : File.SaveAs.Png.cmd: no visible global function definition for 'png' Biplots : File.SaveAs.Png.cmd: no visible global function definition for 'dev.off' Biplots : File.SaveAs.Png.cmd: no visible global function definition for 'tkfocus' Biplots : File.SaveAs.Jpeg.cmd: no visible global function definition for 'tclvalue' Biplots : File.SaveAs.Jpeg.cmd: no visible global function definition for 'tkgetSaveFile' Biplots : File.SaveAs.Jpeg.cmd: no visible global function definition for 'jpeg' Biplots : File.SaveAs.Jpeg.cmd: no visible global function definition for 'dev.off' Biplots : File.SaveAs.Jpeg.cmd: no visible global function definition for 'tkfocus' Biplots : File.SaveAs.PicTeX.cmd: no visible global function definition for 'tclvalue' Biplots : File.SaveAs.PicTeX.cmd: no visible global function definition for 'tkgetSaveFile' Biplots : File.SaveAs.PicTeX.cmd: no visible global function definition for 'pictex' Biplots : File.SaveAs.PicTeX.cmd: no visible global function definition for 'dev.off' Biplots : File.SaveAs.PicTeX.cmd: no visible global function definition for 'tkfocus' Biplots : File.Copy.cmd: no visible global function definition for 'win.metafile' Biplots : File.Copy.cmd: no visible global function definition for 'dev.off' Biplots : File.Print.cmd: no visible global function definition for 'win.print' Biplots : File.Print.cmd: no visible global function definition for 'dev.off' Biplots : File.Options.cmd : local.GUI.func: no visible global function definition for 'tktoplevel' Biplots : File.Options.cmd : local.GUI.func: no visible global function definition for 'tkwm.withdraw' Biplots : File.Options.cmd : local.GUI.func : onDefaults: no visible global function definition for 'tclVar' Biplots : File.Options.cmd : local.GUI.func : onDefaults: no visible global function definition for 'tkconfigure' Biplots : File.Options.cmd : local.GUI.func : onOK: no visible global function definition for 'tclvalue' Biplots : File.Options.cmd : local.GUI.func : onOK: no visible global function definition for 'tkget' Biplots : File.Options.cmd : local.GUI.func : onOK: no visible global function definition for 'tkdestroy' Biplots : File.Options.cmd : local.GUI.func : onCancel: no visible global function definition for 'tkdestroy' Biplots : File.Options.cmd : local.GUI.func: no visible global function definition for 'tclVar' Biplots : File.Options.cmd : local.GUI.func: no visible global function definition for 'tkwidget' Biplots : File.Options.cmd : local.GUI.func: no visible global function definition for 'tkplace' Biplots : File.Options.cmd : local.GUI.func: no visible global function definition for 'tk2label' Biplots : File.Options.cmd : local.GUI.func: no visible global function definition for 'tk2entry' Biplots : File.Options.cmd : local.GUI.func: no visible global function definition for 'tk2checkbutton' Biplots : File.Options.cmd : local.GUI.func: no visible global function definition for 'tk2button' Biplots : File.Options.cmd : local.GUI.func: no visible global function definition for 'tkbind' Biplots : File.Options.cmd : local.GUI.func : <anonymous>: no visible global function definition for 'tkgrab.release' Biplots : File.Options.cmd : local.GUI.func : <anonymous>: no visible global function definition for 'tkfocus' Biplots : File.Options.cmd : local.GUI.func: no visible global function definition for 'tkwm.geometry' Biplots : File.Options.cmd : local.GUI.func: no visible global function definition for 'tkwm.focusmodel' Biplots : File.Options.cmd : local.GUI.func: no visible global function definition for 'tkwm.resizable' Biplots : File.Options.cmd : local.GUI.func: no visible global function definition for 'tkwm.deiconify' Biplots : File.Options.cmd : local.GUI.func: no visible global function definition for 'tkwm.title' Biplots : File.Options.cmd : local.GUI.func: no visible global function definition for 'tkgrab.set' Biplots : File.Options.cmd : local.GUI.func: no visible global function definition for 'tk2ico.load' Biplots : File.Options.cmd : local.GUI.func: no visible global function definition for 'tk2ico.set' Biplots : File.Options.cmd : local.GUI.func: no visible global function definition for 'tk2ico.destroy' Biplots : File.Options.cmd : local.GUI.func: no visible global function definition for 'tkwait.window' Biplots : File.Exit.cmd: no visible global function definition for 'tkmessageBox' Biplots : File.Exit.cmd: no visible global function definition for 'tclvalue' Biplots : File.Exit.cmd: no visible global function definition for 'tkdestroy' Biplots : Format.Title.cmd : local.GUI.func: no visible global function definition for 'tktoplevel' Biplots : Format.Title.cmd : local.GUI.func: no visible global function definition for 'tkwm.withdraw' Biplots : Format.Title.cmd : local.GUI.func : onDefault: no visible global function definition for 'tclVar' Biplots : Format.Title.cmd : local.GUI.func : onDefault: no visible global function definition for 'tkconfigure' Biplots : Format.Title.cmd : local.GUI.func : onOK: no visible global function definition for 'tkdestroy' Biplots : Format.Title.cmd : local.GUI.func : onOK: no visible global function definition for 'tclvalue' Biplots : Format.Title.cmd : local.GUI.func : onCancel: no visible global function definition for 'tkdestroy' Biplots : Format.Title.cmd : local.GUI.func: no visible global function definition for 'tclVar' Biplots : Format.Title.cmd : local.GUI.func: no visible global function definition for 'tk2frame' Biplots : Format.Title.cmd : local.GUI.func: no visible global function definition for 'tk2label' Biplots : Format.Title.cmd : local.GUI.func: no visible global function definition for 'tk2entry' Biplots : Format.Title.cmd : local.GUI.func: no visible global function definition for 'tk2button' Biplots : Format.Title.cmd : local.GUI.func: no visible global function definition for 'tkplace' Biplots : Format.Title.cmd : local.GUI.func: no visible global function definition for 'tkbind' Biplots : Format.Title.cmd : local.GUI.func : <anonymous>: no visible global function definition for 'tkgrab.release' Biplots : Format.Title.cmd : local.GUI.func : <anonymous>: no visible global function definition for 'tkfocus' Biplots : Format.Title.cmd : local.GUI.func: no visible global function definition for 'tkwm.geometry' Biplots : Format.Title.cmd : local.GUI.func: no visible global function definition for 'tkwm.focusmodel' Biplots : Format.Title.cmd : local.GUI.func: no visible global function definition for 'tkwm.resizable' Biplots : Format.Title.cmd : local.GUI.func: no visible global function definition for 'tkwm.deiconify' Biplots : Format.Title.cmd : local.GUI.func: no visible global function definition for 'tkwm.title' Biplots : Format.Title.cmd : local.GUI.func: no visible global function definition for 'tkgrab.set' Biplots : Format.Title.cmd : local.GUI.func: no visible global function definition for 'tk2ico.load' Biplots : Format.Title.cmd : local.GUI.func: no visible global function definition for 'tk2ico.set' Biplots : Format.Title.cmd : local.GUI.func: no visible global function definition for 'tk2ico.destroy' Biplots : Format.Title.cmd : local.GUI.func: no visible global function definition for 'tkwait.window' Biplots : Format.ByGroup.cmd : local.GUI.func: no visible global function definition for 'tkfocus' Biplots : Format.ByGroup.cmd : local.GUI.func: no visible global function definition for 'tktoplevel' Biplots : Format.ByGroup.cmd : local.GUI.func: no visible global function definition for 'tkwm.withdraw' Biplots : Format.ByGroup.cmd : local.GUI.func : UpdateEntryBoxes: no visible global function definition for 'tclvalue' Biplots : Format.ByGroup.cmd : local.GUI.func : UpdateEntryBoxes: no visible global function definition for 'tclVar' Biplots : Format.ByGroup.cmd : local.GUI.func : ChangeGroup: no visible global function definition for 'tclvalue' Biplots : Format.ByGroup.cmd : local.GUI.func : ChangeGroup: no visible global function definition for 'tkcurselection' Biplots : Format.ByGroup.cmd : local.GUI.func : ChangeGroup: no visible binding for global variable 'tclvalue' Biplots : Format.ByGroup.cmd : local.GUI.func : ChangeGroup: no visible global function definition for 'tclVar' Biplots : Format.ByGroup.cmd : local.GUI.func : ChangeGroup: no visible global function definition for 'tkconfigure' Biplots : Format.ByGroup.cmd : local.GUI.func : onOK: no visible binding for global variable 'tclvalue' Biplots : Format.ByGroup.cmd : local.GUI.func : onOK: no visible global function definition for 'tclvalue' Biplots : Format.ByGroup.cmd : local.GUI.func : onOK: no visible global function definition for 'tkdestroy' Biplots : Format.ByGroup.cmd : local.GUI.func : onCancel: no visible global function definition for 'tkdestroy' Biplots : Format.ByGroup.cmd : local.GUI.func : initialise: no visible binding for global variable 'tclVar' Biplots : Format.ByGroup.cmd : local.GUI.func: no visible global function definition for 'tkwidget' Biplots : Format.ByGroup.cmd : local.GUI.func : <anonymous>: no visible global function definition for 'tkset' Biplots : Format.ByGroup.cmd : local.GUI.func: no visible global function definition for 'tkscrollbar' Biplots : Format.ByGroup.cmd : local.GUI.func : <anonymous>: no visible global function definition for 'tkyview' Biplots : Format.ByGroup.cmd : local.GUI.func: no visible global function definition for 'tkinsert' Biplots : Format.ByGroup.cmd : local.GUI.func: no visible global function definition for 'tkselect' Biplots : Format.ByGroup.cmd : local.GUI.func: no visible global function definition for 'tk2notebook' Biplots : Format.ByGroup.cmd : local.GUI.func: no visible global function definition for 'tk2frame' Biplots : Format.ByGroup.cmd : local.GUI.func: no visible global function definition for 'tkadd' Biplots : Format.ByGroup.cmd : local.GUI.func: no visible global function definition for 'tkplace' Biplots : Format.ByGroup.cmd : local.GUI.func: no visible global function definition for 'tk2label' Biplots : Format.ByGroup.cmd : local.GUI.func : <anonymous>: no visible global function definition for 'tclvalue' Biplots : Format.ByGroup.cmd : local.GUI.func : <anonymous>: no visible global function definition for 'tclVar' Biplots : Format.ByGroup.cmd : local.GUI.func: no visible global function definition for 'tk2entry' Biplots : Format.ByGroup.cmd : local.GUI.func: no visible global function definition for 'tklabel' Biplots : Format.ByGroup.cmd : local.GUI.func: no visible global function definition for 'tkbind' Biplots : Format.ByGroup.cmd : local.GUI.func : <anonymous>: no visible global function definition for 'tkconfigure' Biplots : Format.ByGroup.cmd : local.GUI.func: no visible global function definition for 'tk2button' Biplots : Format.ByGroup.cmd : local.GUI.func : <anonymous>: no visible global function definition for 'tkgrab.release' Biplots : Format.ByGroup.cmd : local.GUI.func : <anonymous>: no visible global function definition for 'tkfocus' Biplots : Format.ByGroup.cmd : local.GUI.func: no visible global function definition for 'tkwm.focusmodel' Biplots : Format.ByGroup.cmd : local.GUI.func: no visible global function definition for 'tkwm.geometry' Biplots : Format.ByGroup.cmd : local.GUI.func: no visible global function definition for 'tkwm.resizable' Biplots : Format.ByGroup.cmd : local.GUI.func: no visible global function definition for 'tkwm.deiconify' Biplots : Format.ByGroup.cmd : local.GUI.func: no visible global function definition for 'tkwm.title' Biplots : Format.ByGroup.cmd : local.GUI.func: no visible global function definition for 'tkgrab.set' Biplots : Format.ByGroup.cmd : local.GUI.func: no visible global function definition for 'tk2ico.load' Biplots : Format.ByGroup.cmd : local.GUI.func: no visible global function definition for 'tk2ico.set' Biplots : Format.ByGroup.cmd : local.GUI.func: no visible global function definition for 'tk2ico.destroy' Biplots : Format.ByGroup.cmd : local.GUI.func: no visible global function definition for 'tkwait.window' Biplots : Format.Axes.cmd : local.GUI.func: no visible global function definition for 'tkfocus' Biplots : Format.Axes.cmd : local.GUI.func: no visible global function definition for 'tktoplevel' Biplots : Format.Axes.cmd : local.GUI.func: no visible global function definition for 'tkwm.withdraw' Biplots : Format.Axes.cmd : local.GUI.func : UpdateEntryBoxes: no visible global function definition for 'tclvalue' Biplots : Format.Axes.cmd : local.GUI.func : UpdateEntryBoxes: no visible global function definition for 'tclVar' Biplots : Format.Axes.cmd : local.GUI.func : ChangeGroup: no visible global function definition for 'tclvalue' Biplots : Format.Axes.cmd : local.GUI.func : ChangeGroup: no visible global function definition for 'tkcurselection' Biplots : Format.Axes.cmd : local.GUI.func : ChangeGroup: no visible binding for global variable 'tclvalue' Biplots : Format.Axes.cmd : local.GUI.func : ChangeGroup: no visible global function definition for 'tclVar' Biplots : Format.Axes.cmd : local.GUI.func : ChangeGroup: no visible global function definition for 'tkconfigure' Biplots : Format.Axes.cmd : local.GUI.func : onOK: no visible binding for global variable 'tclvalue' Biplots : Format.Axes.cmd : local.GUI.func : onOK: no visible global function definition for 'tclvalue' Biplots : Format.Axes.cmd : local.GUI.func : onOK: no visible global function definition for 'tkdestroy' Biplots : Format.Axes.cmd : local.GUI.func : onCancel: no visible global function definition for 'tkdestroy' Biplots : Format.Axes.cmd : local.GUI.func : initialise: no visible binding for global variable 'tclVar' Biplots : Format.Axes.cmd : local.GUI.func: no visible global function definition for 'tkwidget' Biplots : Format.Axes.cmd : local.GUI.func : <anonymous>: no visible global function definition for 'tkset' Biplots : Format.Axes.cmd : local.GUI.func: no visible global function definition for 'tkscrollbar' Biplots : Format.Axes.cmd : local.GUI.func : <anonymous>: no visible global function definition for 'tkyview' Biplots : Format.Axes.cmd : local.GUI.func: no visible global function definition for 'tkinsert' Biplots : Format.Axes.cmd : local.GUI.func: no visible global function definition for 'tkselect' Biplots : Format.Axes.cmd : local.GUI.func: no visible global function definition for 'tk2frame' Biplots : Format.Axes.cmd : local.GUI.func: no visible global function definition for 'tkplace' Biplots : Format.Axes.cmd : local.GUI.func: no visible global function definition for 'tk2label' Biplots : Format.Axes.cmd : local.GUI.func : <anonymous>: no visible global function definition for 'tclvalue' Biplots : Format.Axes.cmd : local.GUI.func : <anonymous>: no visible global function definition for 'tclVar' Biplots : Format.Axes.cmd : local.GUI.func: no visible global function definition for 'tk2entry' Biplots : Format.Axes.cmd : local.GUI.func: no visible global function definition for 'tklabel' Biplots : Format.Axes.cmd : local.GUI.func: no visible global function definition for 'tkbind' Biplots : Format.Axes.cmd : local.GUI.func : <anonymous>: no visible global function definition for 'tkconfigure' Biplots : Format.Axes.cmd : local.GUI.func: no visible global function definition for 'tk2button' Biplots : Format.Axes.cmd : local.GUI.func : <anonymous>: no visible global function definition for 'tkgrab.release' Biplots : Format.Axes.cmd : local.GUI.func : <anonymous>: no visible global function definition for 'tkfocus' Biplots : Format.Axes.cmd : local.GUI.func: no visible global function definition for 'tkwm.focusmodel' Biplots : Format.Axes.cmd : local.GUI.func: no visible global function definition for 'tkwm.geometry' Biplots : Format.Axes.cmd : local.GUI.func: no visible global function definition for 'tkwm.resizable' Biplots : Format.Axes.cmd : local.GUI.func: no visible global function definition for 'tkwm.deiconify' Biplots : Format.Axes.cmd : local.GUI.func: no visible global function definition for 'tkwm.title' Biplots : Format.Axes.cmd : local.GUI.func: no visible global function definition for 'tkgrab.set' Biplots : Format.Axes.cmd : local.GUI.func: no visible global function definition for 'tk2ico.load' Biplots : Format.Axes.cmd : local.GUI.func: no visible global function definition for 'tk2ico.set' Biplots : Format.Axes.cmd : local.GUI.func: no visible global function definition for 'tk2ico.destroy' Biplots : Format.Axes.cmd : local.GUI.func: no visible global function definition for 'tkwait.window' Biplots : Format.Interaction.cmd: no visible global function definition for 'tktoplevel' Biplots : Format.Interaction.cmd: no visible global function definition for 'tkwm.withdraw' Biplots : Format.Interaction.cmd : onDefaults: no visible global function definition for 'tclVar' Biplots : Format.Interaction.cmd : onDefaults: no visible global function definition for 'tkconfigure' Biplots : Format.Interaction.cmd : onOK: no visible global function definition for 'tkdestroy' Biplots : Format.Interaction.cmd : onOK: no visible global function definition for 'tclvalue' Biplots : Format.Interaction.cmd : onCancel: no visible global function definition for 'tkdestroy' Biplots : Format.Interaction.cmd: no visible global function definition for 'tclVar' Biplots : Format.Interaction.cmd: no visible global function definition for 'tkwidget' Biplots : Format.Interaction.cmd: no visible global function definition for 'tkplace' Biplots : Format.Interaction.cmd: no visible global function definition for 'tk2label' Biplots : Format.Interaction.cmd: no visible global function definition for 'tk2entry' Biplots : Format.Interaction.cmd: no visible global function definition for 'tklabel' Biplots : Format.Interaction.cmd: no visible global function definition for 'tkbind' Biplots : Format.Interaction.cmd : <anonymous>: no visible global function definition for 'tclvalue' Biplots : Format.Interaction.cmd : <anonymous>: no visible global function definition for 'tkconfigure' Biplots : Format.Interaction.cmd: no visible global function definition for 'tk2button' Biplots : Format.Interaction.cmd : <anonymous>: no visible global function definition for 'tkgrab.release' Biplots : Format.Interaction.cmd : <anonymous>: no visible global function definition for 'tkfocus' Biplots : Format.Interaction.cmd: no visible global function definition for 'tkwm.geometry' Biplots : Format.Interaction.cmd: no visible global function definition for 'tkwm.focusmodel' Biplots : Format.Interaction.cmd: no visible global function definition for 'tkwm.resizable' Biplots : Format.Interaction.cmd: no visible global function definition for 'tkwm.deiconify' Biplots : Format.Interaction.cmd: no visible global function definition for 'tkwm.title' Biplots : Format.Interaction.cmd: no visible global function definition for 'tkgrab.set' Biplots : Format.Interaction.cmd: no visible global function definition for 'tk2ico.load' Biplots : Format.Interaction.cmd: no visible global function definition for 'tk2ico.set' Biplots : Format.Interaction.cmd: no visible global function definition for 'tk2ico.destroy' Biplots : Format.Interaction.cmd: no visible global function definition for 'tkwait.window' Biplots : Format.DiagnosticTabs.cmd: no visible global function definition for 'tktoplevel' Biplots : Format.DiagnosticTabs.cmd: no visible global function definition for 'tkwm.withdraw' Biplots : Format.DiagnosticTabs.cmd : onDefaults: no visible global function definition for 'tclVar' Biplots : Format.DiagnosticTabs.cmd : onDefaults: no visible global function definition for 'tkconfigure' Biplots : Format.DiagnosticTabs.cmd : onOK: no visible global function definition for 'tkdestroy' Biplots : Format.DiagnosticTabs.cmd : onOK: no visible global function definition for 'tclvalue' Biplots : Format.DiagnosticTabs.cmd : onCancel: no visible global function definition for 'tkdestroy' Biplots : Format.DiagnosticTabs.cmd: no visible global function definition for 'tclVar' Biplots : Format.DiagnosticTabs.cmd: no visible global function definition for 'tkwidget' Biplots : Format.DiagnosticTabs.cmd: no visible global function definition for 'tkplace' Biplots : Format.DiagnosticTabs.cmd: no visible global function definition for 'tk2label' Biplots : Format.DiagnosticTabs.cmd: no visible global function definition for 'tk2entry' Biplots : Format.DiagnosticTabs.cmd: no visible global function definition for 'tklabel' Biplots : Format.DiagnosticTabs.cmd: no visible global function definition for 'tkbind' Biplots : Format.DiagnosticTabs.cmd : <anonymous>: no visible global function definition for 'tclvalue' Biplots : Format.DiagnosticTabs.cmd : <anonymous>: no visible global function definition for 'tkconfigure' Biplots : Format.DiagnosticTabs.cmd: no visible global function definition for 'tk2button' Biplots : Format.DiagnosticTabs.cmd : <anonymous>: no visible global function definition for 'tkgrab.release' Biplots : Format.DiagnosticTabs.cmd : <anonymous>: no visible global function definition for 'tkfocus' Biplots : Format.DiagnosticTabs.cmd: no visible global function definition for 'tkwm.geometry' Biplots : Format.DiagnosticTabs.cmd: no visible global function definition for 'tkwm.focusmodel' Biplots : Format.DiagnosticTabs.cmd: no visible global function definition for 'tkwm.resizable' Biplots : Format.DiagnosticTabs.cmd: no visible global function definition for 'tkwm.deiconify' Biplots : Format.DiagnosticTabs.cmd: no visible global function definition for 'tkwm.title' Biplots : Format.DiagnosticTabs.cmd: no visible global function definition for 'tkgrab.set' Biplots : Format.DiagnosticTabs.cmd: no visible global function definition for 'tk2ico.load' Biplots : Format.DiagnosticTabs.cmd: no visible global function definition for 'tk2ico.set' Biplots : Format.DiagnosticTabs.cmd: no visible global function definition for 'tk2ico.destroy' Biplots : Format.DiagnosticTabs.cmd: no visible global function definition for 'tkwait.window' Biplots : Format.ResetAll.cmd: no visible global function definition for 'tkmessageBox' Biplots : Format.ResetAll.cmd: no visible global function definition for 'tclvalue' Biplots : Joint.PCA.cmd: no visible global function definition for 'tclVar' Biplots : Joint.PCA.cmd: no visible global function definition for 'tclvalue' Biplots : Joint.PCA.cmd: no visible global function definition for 'tkwm.title' Biplots : Joint.CovarianceCorrelation.cmd: no visible global function definition for 'tclVar' Biplots : Joint.CovarianceCorrelation.cmd: no visible global function definition for 'tclvalue' Biplots : Joint.CovarianceCorrelation.cmd: no visible global function definition for 'tkwm.title' Biplots : Joint.CovarianceCorrelation.determine: no visible global function definition for 'tclvalue' Biplots : Joint.CovarianceCorrelation.determine: no visible global function definition for 'tkget' Biplots : Joint.CVA.cmd: no visible global function definition for 'tclVar' Biplots : Joint.CVA.cmd: no visible global function definition for 'tclvalue' Biplots : Joint.CVA.cmd: no visible global function definition for 'tkwm.title' Biplots : Joint.CVA.determine: no visible global function definition for 'tclvalue' Biplots : Joint.CVA.determine: no visible global function definition for 'tkget' Biplots : Points.FollowThrough.cmd: no visible global function definition for 'tkconfigure' Biplots : Points.FollowThrough.cmd: no visible global function definition for '.Tcl' Biplots : Points.FollowThrough.cmd: no visible global function definition for 'tclvalue' Biplots : Points.DissimilarityMetric.FollowThrough.cmd: no visible global function definition for 'tkconfigure' Biplots : Points.DissimilarityMetric.FollowThrough.cmd: no visible global function definition for '.Tcl' Biplots : Points.DissimilarityMetric.FollowThrough.cmd: no visible global function definition for 'tclvalue' Biplots : Points.DissimilarityMetric.Pythagoras.func: no visible global function definition for 'dist' Biplots : Points.DissimilarityMetric.Pythagoras.cmd: no visible global function definition for 'tclvalue' Biplots : Points.DissimilarityMetric.Pythagoras.cmd: no visible global function definition for 'tclVar' Biplots : Points.DissimilarityMetric.SquareRootOfManhattan.func: no visible global function definition for 'dist' Biplots : Points.DissimilarityMetric.SquareRootOfManhattan.cmd: no visible global function definition for 'tclvalue' Biplots : Points.DissimilarityMetric.SquareRootOfManhattan.cmd: no visible global function definition for 'tclVar' Biplots : Points.DissimilarityMetric.Clark.cmd: no visible global function definition for 'tclvalue' Biplots : Points.DissimilarityMetric.Clark.cmd: no visible global function definition for 'tclVar' Biplots : Points.DissimilarityMetric.Mahalanobis.func: no visible global function definition for 'cov' Biplots : Points.DissimilarityMetric.Mahalanobis.func: no visible global function definition for 'dist' Biplots : Points.DissimilarityMetric.Mahalanobis.cmd: no visible global function definition for 'tclvalue' Biplots : Points.DissimilarityMetric.Mahalanobis.cmd: no visible global function definition for 'tclVar' Biplots : Points.PCO.cmd: no visible global function definition for 'tclvalue' Biplots : Points.PCO.cmd: no visible global function definition for 'tclVar' Biplots : Points.PCO.cmd: no visible global function definition for 'dist' Biplots : Points.MDS.cmd : Identity: no visible global function definition for 'dist' Biplots : Points.MDS.cmd : MonotoneRegression: no visible global function definition for 'tclvalue' Biplots : Points.MDS.cmd : MonotoneSpline: no visible global function definition for 'runif' Biplots : Points.MDS.cmd: no visible global function definition for 'tclvalue' Biplots : Points.MDS.cmd: no visible global function definition for 'runif' Biplots : Points.MDS.cmd: no visible global function definition for 'tkrreplot' Biplots : Points.MDS.cmd: no visible global function definition for '.Tcl' Biplots : Points.MDS.cmd : Transformation: no visible global function definition for 'tclvalue' Biplots : Points.MDS.cmd : Bfunc: no visible global function definition for 'dist' Biplots : Points.MDS.cmd : Stressfunc: no visible global function definition for 'dist' Biplots : Points.MDS.cmd: no visible global function definition for 'tkconfigure' Biplots : Points.MDS.cmd: no visible global function definition for 'tcl' Biplots : Points.MDS.cmd: no visible global function definition for 'dist' Biplots : Points.MDS.Run.cmd: no visible global function definition for 'tclvalue' Biplots : Points.MDS.IdentityTransformation.cmd: no visible global function definition for 'tclvalue' Biplots : Points.MDS.IdentityTransformation.cmd: no visible global function definition for 'tclVar' Biplots : Points.MDS.MonotoneRegression.cmd: no visible global function definition for 'tclvalue' Biplots : Points.MDS.MonotoneRegression.cmd: no visible global function definition for 'tclVar' Biplots : Points.MDS.MonotoneSplineTransformation.cmd: no visible global function definition for 'tclvalue' Biplots : Points.MDS.MonotoneSplineTransformation.cmd: no visible global function definition for 'tclVar' Biplots : Points.MDS.MonotoneSplineTransformation.cmd : local.GUI.func: no visible global function definition for 'tktoplevel' Biplots : Points.MDS.MonotoneSplineTransformation.cmd : local.GUI.func: no visible global function definition for 'tkwm.withdraw' Biplots : Points.MDS.MonotoneSplineTransformation.cmd : local.GUI.func : onOK: no visible global function definition for 'tkdestroy' Biplots : Points.MDS.MonotoneSplineTransformation.cmd : local.GUI.func : onOK: no visible global function definition for 'tclvalue' Biplots : Points.MDS.MonotoneSplineTransformation.cmd : local.GUI.func : onDefault: no visible global function definition for 'tclVar' Biplots : Points.MDS.MonotoneSplineTransformation.cmd : local.GUI.func : onDefault: no visible global function definition for 'tkconfigure' Biplots : Points.MDS.MonotoneSplineTransformation.cmd : local.GUI.func: no visible global function definition for 'tk2frame' Biplots : Points.MDS.MonotoneSplineTransformation.cmd : local.GUI.func: no visible global function definition for 'tk2label' Biplots : Points.MDS.MonotoneSplineTransformation.cmd : local.GUI.func: no visible global function definition for 'tclVar' Biplots : Points.MDS.MonotoneSplineTransformation.cmd : local.GUI.func: no visible global function definition for 'tkwidget' Biplots : Points.MDS.MonotoneSplineTransformation.cmd : local.GUI.func: no visible global function definition for 'tk2button' Biplots : Points.MDS.MonotoneSplineTransformation.cmd : local.GUI.func: no visible global function definition for 'tkplace' Biplots : Points.MDS.MonotoneSplineTransformation.cmd : local.GUI.func: no visible global function definition for 'tkbind' Biplots : Points.MDS.MonotoneSplineTransformation.cmd : local.GUI.func : <anonymous>: no visible global function definition for 'tkgrab.release' Biplots : Points.MDS.MonotoneSplineTransformation.cmd : local.GUI.func : <anonymous>: no visible global function definition for 'tkfocus' Biplots : Points.MDS.MonotoneSplineTransformation.cmd : local.GUI.func: no visible global function definition for 'tkwm.geometry' Biplots : Points.MDS.MonotoneSplineTransformation.cmd : local.GUI.func: no visible global function definition for 'tkwm.focusmodel' Biplots : Points.MDS.MonotoneSplineTransformation.cmd : local.GUI.func: no visible global function definition for 'tkwm.resizable' Biplots : Points.MDS.MonotoneSplineTransformation.cmd : local.GUI.func: no visible global function definition for 'tkwm.deiconify' Biplots : Points.MDS.MonotoneSplineTransformation.cmd : local.GUI.func: no visible global function definition for 'tkwm.title' Biplots : Points.MDS.MonotoneSplineTransformation.cmd : local.GUI.func: no visible global function definition for 'tkgrab.set' Biplots : Points.MDS.MonotoneSplineTransformation.cmd : local.GUI.func: no visible global function definition for 'tk2ico.load' Biplots : Points.MDS.MonotoneSplineTransformation.cmd : local.GUI.func: no visible global function definition for 'tk2ico.set' Biplots : Points.MDS.MonotoneSplineTransformation.cmd : local.GUI.func: no visible global function definition for 'tk2ico.destroy' Biplots : Points.MDS.MonotoneSplineTransformation.cmd : local.GUI.func: no visible global function definition for 'tkwait.window' Biplots : Points.MDS.MonotoneSplineTransformation.autcmd: no visible global function definition for 'tclvalue' Biplots : Points.MDS.MonotoneSplineTransformation.autcmd : MonotoneSplineSetup: no visible global function definition for 'quantile' Biplots : Biplot.Axes.FollowThrough.cmd: no visible global function definition for 'tkconfigure' Biplots : Biplot.Axes.FollowThrough.cmd: no visible global function definition for '.Tcl' Biplots : Biplot.Axes.FollowThrough.cmd: no visible global function definition for 'tclvalue' Biplots : Axes.None.cmd: no visible global function definition for 'tclVar' Biplots : Axes.None.cmd: no visible global function definition for 'tclvalue' Biplots : Axes.None.cmd: no visible global function definition for 'tkwm.title' Biplots : Axes.None.plot: no visible global function definition for 'tclvalue' Biplots : Axes.None.plot: no visible global function definition for 'layout' Biplots : Axes.None.plot: no visible global function definition for 'par' Biplots : Axes.None.plot: no visible global function definition for 'axis' Biplots : Axes.None.plot: no visible global function definition for 'strwidth' Biplots : Axes.None.plot: no visible global function definition for 'strheight' Biplots : Axes.None.plot: no visible global function definition for 'title' Biplots : Axes.None.plot: no visible global function definition for 'text' Biplots : Axes.None.plot: no visible global function definition for 'points' Biplots : Axes.None.plot: no visible global function definition for 'box' Biplots : Axes.None.motion: no visible global function definition for 'tclvalue' Biplots : Axes.None.motion: no visible global function definition for 'tkconfigure' Biplots : Axes.None.LeftRelease: no visible global function definition for 'tkconfigure' Biplots : Axes.None.RightClick: no visible global function definition for 'tkpopup' Biplots : Axes.None.RightClick: no visible global function definition for 'tclvalue' Biplots : Axes.None.RightClick: no visible global function definition for 'tkwinfo' Biplots : Axes.None.plot3D: no visible global function definition for 'rgl.open' Biplots : Axes.None.plot3D: no visible global function definition for 'rgl.clear' Biplots : Axes.None.plot3D: no visible global function definition for 'rgl.bg' Biplots : Axes.None.plot3D: no visible global function definition for 'rgl.light' Biplots : Axes.None.plot3D: no visible global function definition for 'tclvalue' Biplots : Axes.None.plot3D: no visible global function definition for 'points3d' Biplots : Axes.None.plot3D: no visible global function definition for 'text3d' Biplots : Axes.None.plot3D: no visible global function definition for 'aspect3d' Biplots : Axes.None.plot3D: no visible global function definition for 'par3d' Biplots : Axes.None.plot3D: no visible global function definition for 'segments3d' Biplots : Axes.None.plot3D: no visible global function definition for 'title3d' Biplots : Axes.None.plot3D: no visible global function definition for 'light3d' Biplots : Axes.None.plot3D: no visible global function definition for 'rgl.viewpoint' Biplots : Axes.Regression.cmd: no visible global function definition for 'tclVar' Biplots : Axes.Regression.cmd: no visible global function definition for 'tclvalue' Biplots : Axes.Regression.cmd: no visible global function definition for 'tkwm.title' Biplots : Axes.Regression.determine: no visible global function definition for 'tclvalue' Biplots : Axes.Procrustes.cmd: no visible global function definition for 'tclVar' Biplots : Axes.Procrustes.cmd: no visible global function definition for 'tclvalue' Biplots : Axes.Procrustes.cmd: no visible global function definition for 'tkwm.title' Biplots : Axes.Procrustes.determine: no visible global function definition for 'tclvalue' Biplots : Axes.Procrustes.determine: no visible global function definition for 'tkget' Biplots : Axes.Procrustes.determine: no visible global function definition for 'tkconfigure' Biplots : Axes.CircularNonLinear.cmd: no visible global function definition for 'tclvalue' Biplots : Axes.CircularNonLinear.cmd: no visible global function definition for 'tclVar' Biplots : Axes.CircularNonLinear.cmd: no visible global function definition for 'tkinvoke' Biplots : Axes.CircularNonLinear.cmd: no visible global function definition for 'tkwm.title' Biplots : Axes.CircularNonLinear.determine: no visible global function definition for 'tclvalue' Biplots : Axes.CircularNonLinear.determine: no visible global function definition for 'tkget' Biplots : Axes.CircularNonLinear.determine: no visible global function definition for 'tkmessageBox' Biplots : Axes.CircularNonLinear.determine : derivat: no visible global function definition for 'tclvalue' Biplots : Axes.CircularNonLinear.determine : tempfunc: no visible global function definition for 'tclvalue' Biplots : Axes.CircularNonLinear.predictions: no visible global function definition for 'dist' Biplots : Axes.Default.cmd: no visible global function definition for 'tclvalue' Biplots : Axes.Default.cmd: no visible global function definition for 'tclVar' Biplots : Additional.FollowThrough.cmd: no visible global function definition for 'tkconfigure' Biplots : Additional.FollowThrough.cmd: no visible global function definition for '.Tcl' Biplots : Additional.Interpolate.ANewSample.cmd : local.GUI.func: no visible global function definition for 'tktoplevel' Biplots : Additional.Interpolate.ANewSample.cmd : local.GUI.func: no visible global function definition for 'tkwm.withdraw' Biplots : Additional.Interpolate.ANewSample.cmd : local.GUI.func : onDefault: no visible global function definition for 'tclVar' Biplots : Additional.Interpolate.ANewSample.cmd : local.GUI.func : onDefault: no visible global function definition for 'tkconfigure' Biplots : Additional.Interpolate.ANewSample.cmd : local.GUI.func : onFormat: no visible global function definition for 'tktoplevel' Biplots : Additional.Interpolate.ANewSample.cmd : local.GUI.func : onFormat: no visible global function definition for 'tkwm.withdraw' Biplots : Additional.Interpolate.ANewSample.cmd : local.GUI.func : onFormat : onDefaults_: no visible global function definition for 'tclVar' Biplots : Additional.Interpolate.ANewSample.cmd : local.GUI.func : onFormat : onDefaults_: no visible global function definition for 'tkconfigure' Biplots : Additional.Interpolate.ANewSample.cmd : local.GUI.func : onFormat : onOK_: no visible global function definition for 'tkdestroy' Biplots : Additional.Interpolate.ANewSample.cmd : local.GUI.func : onFormat : onOK_: no visible global function definition for 'tclvalue' Biplots : Additional.Interpolate.ANewSample.cmd : local.GUI.func : onFormat : onCancel_: no visible global function definition for 'tkdestroy' Biplots : Additional.Interpolate.ANewSample.cmd : local.GUI.func : onFormat: no visible global function definition for 'tclVar' Biplots : Additional.Interpolate.ANewSample.cmd : local.GUI.func : onFormat: no visible global function definition for 'tkwidget' Biplots : Additional.Interpolate.ANewSample.cmd : local.GUI.func : onFormat: no visible global function definition for 'tkplace' Biplots : Additional.Interpolate.ANewSample.cmd : local.GUI.func : onFormat: no visible global function definition for 'tk2label' Biplots : Additional.Interpolate.ANewSample.cmd : local.GUI.func : onFormat: no visible global function definition for 'tk2entry' Biplots : Additional.Interpolate.ANewSample.cmd : local.GUI.func : onFormat: no visible global function definition for 'tklabel' Biplots : Additional.Interpolate.ANewSample.cmd : local.GUI.func : onFormat: no visible global function definition for 'tkbind' Biplots : Additional.Interpolate.ANewSample.cmd : local.GUI.func : onFormat : <anonymous>: no visible global function definition for 'tclvalue' Biplots : Additional.Interpolate.ANewSample.cmd : local.GUI.func : onFormat : <anonymous>: no visible global function definition for 'tkconfigure' Biplots : Additional.Interpolate.ANewSample.cmd : local.GUI.func : onFormat: no visible global function definition for 'tk2button' Biplots : Additional.Interpolate.ANewSample.cmd : local.GUI.func : onFormat : <anonymous>: no visible global function definition for 'tkgrab.release' Biplots : Additional.Interpolate.ANewSample.cmd : local.GUI.func : onFormat : <anonymous>: no visible global function definition for 'tkfocus' Biplots : Additional.Interpolate.ANewSample.cmd : local.GUI.func : onFormat: no visible global function definition for 'tkwm.geometry' Biplots : Additional.Interpolate.ANewSample.cmd : local.GUI.func : onFormat: no visible global function definition for 'tkwm.focusmodel' Biplots : Additional.Interpolate.ANewSample.cmd : local.GUI.func : onFormat: no visible global function definition for 'tkwm.resizable' Biplots : Additional.Interpolate.ANewSample.cmd : local.GUI.func : onFormat: no visible global function definition for 'tkwm.deiconify' Biplots : Additional.Interpolate.ANewSample.cmd : local.GUI.func : onFormat: no visible global function definition for 'tkwm.title' Biplots : Additional.Interpolate.ANewSample.cmd : local.GUI.func : onFormat: no visible global function definition for 'tkgrab.set' Biplots : Additional.Interpolate.ANewSample.cmd : local.GUI.func : onFormat: no visible global function definition for 'tk2ico.load' Biplots : Additional.Interpolate.ANewSample.cmd : local.GUI.func : onFormat: no visible global function definition for 'tk2ico.set' Biplots : Additional.Interpolate.ANewSample.cmd : local.GUI.func : onFormat: no visible global function definition for 'tk2ico.destroy' Biplots : Additional.Interpolate.ANewSample.cmd : local.GUI.func : onFormat: no visible global function definition for 'tkwait.window' Biplots : Additional.Interpolate.ANewSample.cmd : local.GUI.func : onOK: no visible global function definition for 'tkdestroy' Biplots : Additional.Interpolate.ANewSample.cmd : local.GUI.func : onOK: no visible global function definition for 'tclvalue' Biplots : Additional.Interpolate.ANewSample.cmd : local.GUI.func : onOK: no visible global function definition for 'tclVar' Biplots : Additional.Interpolate.ANewSample.cmd : local.GUI.func : onOff: no visible global function definition for 'tkdestroy' Biplots : Additional.Interpolate.ANewSample.cmd : local.GUI.func : onOff: no visible global function definition for 'tclVar' Biplots : Additional.Interpolate.ANewSample.cmd : local.GUI.func: no visible global function definition for 'tk2frame' Biplots : Additional.Interpolate.ANewSample.cmd : local.GUI.func: no visible global function definition for 'tk2label' Biplots : Additional.Interpolate.ANewSample.cmd : local.GUI.func: no visible global function definition for 'tclVar' Biplots : Additional.Interpolate.ANewSample.cmd : local.GUI.func: no visible global function definition for 'tk2entry' Biplots : Additional.Interpolate.ANewSample.cmd : local.GUI.func: no visible global function definition for 'tk2checkbutton' Biplots : Additional.Interpolate.ANewSample.cmd : local.GUI.func: no visible global function definition for 'tk2button' Biplots : Additional.Interpolate.ANewSample.cmd : local.GUI.func: no visible global function definition for 'tkplace' Biplots : Additional.Interpolate.ANewSample.cmd : local.GUI.func: no visible global function definition for 'tkbind' Biplots : Additional.Interpolate.ANewSample.cmd : local.GUI.func : <anonymous>: no visible global function definition for 'tkgrab.release' Biplots : Additional.Interpolate.ANewSample.cmd : local.GUI.func : <anonymous>: no visible global function definition for 'tkfocus' Biplots : Additional.Interpolate.ANewSample.cmd : local.GUI.func: no visible global function definition for 'tkwm.geometry' Biplots : Additional.Interpolate.ANewSample.cmd : local.GUI.func: no visible global function definition for 'tkwm.focusmodel' Biplots : Additional.Interpolate.ANewSample.cmd : local.GUI.func: no visible global function definition for 'tkwm.resizable' Biplots : Additional.Interpolate.ANewSample.cmd : local.GUI.func: no visible global function definition for 'tkwm.deiconify' Biplots : Additional.Interpolate.ANewSample.cmd : local.GUI.func: no visible global function definition for 'tkwm.title' Biplots : Additional.Interpolate.ANewSample.cmd : local.GUI.func: no visible global function definition for 'tkgrab.set' Biplots : Additional.Interpolate.ANewSample.cmd : local.GUI.func: no visible global function definition for 'tk2ico.load' Biplots : Additional.Interpolate.ANewSample.cmd : local.GUI.func: no visible global function definition for 'tk2ico.set' Biplots : Additional.Interpolate.ANewSample.cmd : local.GUI.func: no visible global function definition for 'tk2ico.destroy' Biplots : Additional.Interpolate.ANewSample.cmd : local.GUI.func: no visible global function definition for 'tkwait.window' Biplots : Additional.Interpolate.ANewSample.cmd: no visible global function definition for 'tclvalue' Biplots : Additional.Interpolate.SampleGroupMeans.cmd : local.GUI.func: no visible global function definition for 'tktoplevel' Biplots : Additional.Interpolate.SampleGroupMeans.cmd : local.GUI.func: no visible global function definition for 'tkwm.withdraw' Biplots : Additional.Interpolate.SampleGroupMeans.cmd : local.GUI.func : onDefault: no visible global function definition for 'tkconfigure' Biplots : Additional.Interpolate.SampleGroupMeans.cmd : local.GUI.func : onDefault: no visible global function definition for 'tclVar' Biplots : Additional.Interpolate.SampleGroupMeans.cmd : local.GUI.func : onOK: no visible global function definition for 'tclvalue' Biplots : Additional.Interpolate.SampleGroupMeans.cmd : local.GUI.func : onOK: no visible global function definition for 'tkget' Biplots : Additional.Interpolate.SampleGroupMeans.cmd : local.GUI.func : onOK: no visible global function definition for 'tclVar' Biplots : Additional.Interpolate.SampleGroupMeans.cmd : local.GUI.func : onOK: no visible global function definition for 'tkdestroy' Biplots : Additional.Interpolate.SampleGroupMeans.cmd : local.GUI.func : onOff: no visible global function definition for 'tkdestroy' Biplots : Additional.Interpolate.SampleGroupMeans.cmd : local.GUI.func : onOff: no visible global function definition for 'tclVar' Biplots : Additional.Interpolate.SampleGroupMeans.cmd : local.GUI.func: no visible global function definition for 'tk2frame' Biplots : Additional.Interpolate.SampleGroupMeans.cmd : local.GUI.func: no visible global function definition for 'tk2label' Biplots : Additional.Interpolate.SampleGroupMeans.cmd : local.GUI.func: no visible global function definition for 'tkwidget' Biplots : Additional.Interpolate.SampleGroupMeans.cmd : local.GUI.func: no visible global function definition for 'tclVar' Biplots : Additional.Interpolate.SampleGroupMeans.cmd : local.GUI.func: no visible global function definition for 'tk2checkbutton' Biplots : Additional.Interpolate.SampleGroupMeans.cmd : local.GUI.func: no visible global function definition for 'tk2button' Biplots : Additional.Interpolate.SampleGroupMeans.cmd : local.GUI.func: no visible global function definition for 'tkplace' Biplots : Additional.Interpolate.SampleGroupMeans.cmd : local.GUI.func: no visible global function definition for 'tkbind' Biplots : Additional.Interpolate.SampleGroupMeans.cmd : local.GUI.func : <anonymous>: no visible global function definition for 'tkgrab.release' Biplots : Additional.Interpolate.SampleGroupMeans.cmd : local.GUI.func : <anonymous>: no visible global function definition for 'tkfocus' Biplots : Additional.Interpolate.SampleGroupMeans.cmd : local.GUI.func: no visible global function definition for 'tkwm.geometry' Biplots : Additional.Interpolate.SampleGroupMeans.cmd : local.GUI.func: no visible global function definition for 'tkwm.focusmodel' Biplots : Additional.Interpolate.SampleGroupMeans.cmd : local.GUI.func: no visible global function definition for 'tkwm.resizable' Biplots : Additional.Interpolate.SampleGroupMeans.cmd : local.GUI.func: no visible global function definition for 'tkwm.deiconify' Biplots : Additional.Interpolate.SampleGroupMeans.cmd : local.GUI.func: no visible global function definition for 'tkwm.title' Biplots : Additional.Interpolate.SampleGroupMeans.cmd : local.GUI.func: no visible global function definition for 'tkgrab.set' Biplots : Additional.Interpolate.SampleGroupMeans.cmd : local.GUI.func: no visible global function definition for 'tk2ico.load' Biplots : Additional.Interpolate.SampleGroupMeans.cmd : local.GUI.func: no visible global function definition for 'tk2ico.set' Biplots : Additional.Interpolate.SampleGroupMeans.cmd : local.GUI.func: no visible global function definition for 'tk2ico.destroy' Biplots : Additional.Interpolate.SampleGroupMeans.cmd : local.GUI.func: no visible global function definition for 'tkwait.window' Biplots : Additional.Interpolate.SampleGroupMeans.cmd: no visible global function definition for 'tclvalue' Biplots : Additional.Interpolate.SampleGroupMeans.autcmd: no visible global function definition for 'tclvalue' Biplots : Additional.Interpolate.SampleGroupMeans.autcmd: no visible global function definition for 'tkget' Biplots : Additional.ConvexHull.cmd : local.GUI.func: no visible global function definition for 'tktoplevel' Biplots : Additional.ConvexHull.cmd : local.GUI.func: no visible global function definition for 'tkwm.withdraw' Biplots : Additional.ConvexHull.cmd : local.GUI.func : onDefault: no visible global function definition for 'tkconfigure' Biplots : Additional.ConvexHull.cmd : local.GUI.func : onOK: no visible global function definition for 'tclvalue' Biplots : Additional.ConvexHull.cmd : local.GUI.func : onOK: no visible global function definition for 'tkget' Biplots : Additional.ConvexHull.cmd : local.GUI.func : onOK: no visible global function definition for 'tclVar' Biplots : Additional.ConvexHull.cmd : local.GUI.func : onOK: no visible global function definition for 'tkdestroy' Biplots : Additional.ConvexHull.cmd : local.GUI.func : onOff: no visible global function definition for 'tkdestroy' Biplots : Additional.ConvexHull.cmd : local.GUI.func : onOff: no visible global function definition for 'tclVar' Biplots : Additional.ConvexHull.cmd : local.GUI.func: no visible global function definition for 'tk2frame' Biplots : Additional.ConvexHull.cmd : local.GUI.func: no visible global function definition for 'tk2label' Biplots : Additional.ConvexHull.cmd : local.GUI.func: no visible global function definition for 'tkwidget' Biplots : Additional.ConvexHull.cmd : local.GUI.func: no visible global function definition for 'tk2button' Biplots : Additional.ConvexHull.cmd : local.GUI.func: no visible global function definition for 'tkplace' Biplots : Additional.ConvexHull.cmd : local.GUI.func: no visible global function definition for 'tkbind' Biplots : Additional.ConvexHull.cmd : local.GUI.func : <anonymous>: no visible global function definition for 'tkgrab.release' Biplots : Additional.ConvexHull.cmd : local.GUI.func : <anonymous>: no visible global function definition for 'tkfocus' Biplots : Additional.ConvexHull.cmd : local.GUI.func: no visible global function definition for 'tkwm.geometry' Biplots : Additional.ConvexHull.cmd : local.GUI.func: no visible global function definition for 'tkwm.focusmodel' Biplots : Additional.ConvexHull.cmd : local.GUI.func: no visible global function definition for 'tkwm.resizable' Biplots : Additional.ConvexHull.cmd : local.GUI.func: no visible global function definition for 'tkwm.deiconify' Biplots : Additional.ConvexHull.cmd : local.GUI.func: no visible global function definition for 'tkwm.title' Biplots : Additional.ConvexHull.cmd : local.GUI.func: no visible global function definition for 'tkgrab.set' Biplots : Additional.ConvexHull.cmd : local.GUI.func: no visible global function definition for 'tk2ico.load' Biplots : Additional.ConvexHull.cmd : local.GUI.func: no visible global function definition for 'tk2ico.set' Biplots : Additional.ConvexHull.cmd : local.GUI.func: no visible global function definition for 'tk2ico.destroy' Biplots : Additional.ConvexHull.cmd : local.GUI.func: no visible global function definition for 'tkwait.window' Biplots : Additional.ConvexHull.cmd: no visible global function definition for 'tclvalue' Biplots : Additional.ConvexHull.autcmd: no visible global function definition for 'tclVar' Biplots : Additional.ConvexHull.autcmd: no visible global function definition for 'tclvalue' Biplots : Additional.ConvexHull.autcmd: no visible global function definition for 'chull' Biplots : Additional.ConvexHull.autcmd : <anonymous>: no visible global function definition for 'chull' Biplots : Additional.AlphaBag.cmd : local.GUI.func: no visible global function definition for 'tktoplevel' Biplots : Additional.AlphaBag.cmd : local.GUI.func: no visible global function definition for 'tkwm.withdraw' Biplots : Additional.AlphaBag.cmd : local.GUI.func : onDefault: no visible global function definition for 'tkconfigure' Biplots : Additional.AlphaBag.cmd : local.GUI.func : onDefault: no visible global function definition for 'tclVar' Biplots : Additional.AlphaBag.cmd : local.GUI.func : onOK: no visible global function definition for 'tclvalue' Biplots : Additional.AlphaBag.cmd : local.GUI.func : onOK: no visible global function definition for 'tkget' Biplots : Additional.AlphaBag.cmd : local.GUI.func : onOK: no visible global function definition for 'tclVar' Biplots : Additional.AlphaBag.cmd : local.GUI.func : onOK: no visible global function definition for 'tkdestroy' Biplots : Additional.AlphaBag.cmd : local.GUI.func : onOK: no visible global function definition for 'tkmessageBox' Biplots : Additional.AlphaBag.cmd : local.GUI.func : onOff: no visible global function definition for 'tkdestroy' Biplots : Additional.AlphaBag.cmd : local.GUI.func : onOff: no visible global function definition for 'tclVar' Biplots : Additional.AlphaBag.cmd : local.GUI.func: no visible global function definition for 'tk2frame' Biplots : Additional.AlphaBag.cmd : local.GUI.func: no visible global function definition for 'tk2label' Biplots : Additional.AlphaBag.cmd : local.GUI.func: no visible global function definition for 'tkwidget' Biplots : Additional.AlphaBag.cmd : local.GUI.func: no visible global function definition for 'tclVar' Biplots : Additional.AlphaBag.cmd : local.GUI.func: no visible global function definition for 'tk2entry' Biplots : Additional.AlphaBag.cmd : local.GUI.func: no visible global function definition for 'tk2checkbutton' Biplots : Additional.AlphaBag.cmd : local.GUI.func: no visible global function definition for 'tk2button' Biplots : Additional.AlphaBag.cmd : local.GUI.func: no visible global function definition for 'tkplace' Biplots : Additional.AlphaBag.cmd : local.GUI.func: no visible global function definition for 'tkbind' Biplots : Additional.AlphaBag.cmd : local.GUI.func : <anonymous>: no visible global function definition for 'tkgrab.release' Biplots : Additional.AlphaBag.cmd : local.GUI.func : <anonymous>: no visible global function definition for 'tkfocus' Biplots : Additional.AlphaBag.cmd : local.GUI.func: no visible global function definition for 'tkwm.geometry' Biplots : Additional.AlphaBag.cmd : local.GUI.func: no visible global function definition for 'tkwm.focusmodel' Biplots : Additional.AlphaBag.cmd : local.GUI.func: no visible global function definition for 'tkwm.resizable' Biplots : Additional.AlphaBag.cmd : local.GUI.func: no visible global function definition for 'tkwm.deiconify' Biplots : Additional.AlphaBag.cmd : local.GUI.func: no visible global function definition for 'tkwm.title' Biplots : Additional.AlphaBag.cmd : local.GUI.func: no visible global function definition for 'tkgrab.set' Biplots : Additional.AlphaBag.cmd : local.GUI.func: no visible global function definition for 'tk2ico.load' Biplots : Additional.AlphaBag.cmd : local.GUI.func: no visible global function definition for 'tk2ico.set' Biplots : Additional.AlphaBag.cmd : local.GUI.func: no visible global function definition for 'tk2ico.destroy' Biplots : Additional.AlphaBag.cmd : local.GUI.func: no visible global function definition for 'tkwait.window' Biplots : Additional.AlphaBag.cmd: no visible global function definition for 'tclvalue' Biplots : Additional.AlphaBag.autcmd : CalculateAlphaBag: no visible global function definition for 'tkmessageBox' Biplots : Additional.AlphaBag.autcmd : CalculateAlphaBag: no visible global function definition for 'tkfocus' Biplots : Additional.AlphaBag.autcmd : CalculateAlphaBag: no visible global function definition for 'chull' Biplots : Additional.AlphaBag.autcmd: no visible global function definition for 'tclVar' Biplots : Additional.AlphaBag.autcmd: no visible global function definition for 'tclvalue' Biplots : Additional.PointDensities.cmd : local.GUI.func: no visible global function definition for 'tktoplevel' Biplots : Additional.PointDensities.cmd : local.GUI.func: no visible global function definition for 'tkwm.withdraw' Biplots : Additional.PointDensities.cmd : local.GUI.func : onOK: no visible global function definition for 'tclvalue' Biplots : Additional.PointDensities.cmd : local.GUI.func : onOK: no visible global function definition for 'tkget' Biplots : Additional.PointDensities.cmd : local.GUI.func : onOK: no visible global function definition for 'tkdestroy' Biplots : Additional.PointDensities.cmd : local.GUI.func : onOff: no visible global function definition for 'tkdestroy' Biplots : Additional.PointDensities.cmd : local.GUI.func : onOff: no visible global function definition for 'tclVar' Biplots : Additional.PointDensities.cmd : local.GUI.func : onDefault: no visible global function definition for 'tkconfigure' Biplots : Additional.PointDensities.cmd : local.GUI.func : onDefault: no visible global function definition for 'tclVar' Biplots : Additional.PointDensities.cmd : local.GUI.func: no visible global function definition for 'tk2frame' Biplots : Additional.PointDensities.cmd : local.GUI.func: no visible global function definition for 'tk2label' Biplots : Additional.PointDensities.cmd : local.GUI.func: no visible global function definition for 'tkwidget' Biplots : Additional.PointDensities.cmd : local.GUI.func: no visible global function definition for 'tklabel' Biplots : Additional.PointDensities.cmd : local.GUI.func: no visible global function definition for 'tclVar' Biplots : Additional.PointDensities.cmd : local.GUI.func: no visible global function definition for 'tk2entry' Biplots : Additional.PointDensities.cmd : local.GUI.func: no visible global function definition for 'tk2button' Biplots : Additional.PointDensities.cmd : local.GUI.func: no visible global function definition for 'tkplace' Biplots : Additional.PointDensities.cmd : local.GUI.func: no visible global function definition for 'tkbind' Biplots : Additional.PointDensities.cmd : local.GUI.func : <anonymous>: no visible global function definition for 'tkgrab.release' Biplots : Additional.PointDensities.cmd : local.GUI.func : <anonymous>: no visible global function definition for 'tkfocus' Biplots : Additional.PointDensities.cmd : local.GUI.func: no visible global function definition for 'tkwm.geometry' Biplots : Additional.PointDensities.cmd : local.GUI.func: no visible global function definition for 'tkwm.focusmodel' Biplots : Additional.PointDensities.cmd : local.GUI.func: no visible global function definition for 'tkwm.resizable' Biplots : Additional.PointDensities.cmd : local.GUI.func: no visible global function definition for 'tkwm.deiconify' Biplots : Additional.PointDensities.cmd : local.GUI.func: no visible global function definition for 'tkwm.title' Biplots : Additional.PointDensities.cmd : local.GUI.func: no visible global function definition for 'tkgrab.set' Biplots : Additional.PointDensities.cmd : local.GUI.func: no visible global function definition for 'tk2ico.load' Biplots : Additional.PointDensities.cmd : local.GUI.func: no visible global function definition for 'tk2ico.set' Biplots : Additional.PointDensities.cmd : local.GUI.func: no visible global function definition for 'tk2ico.destroy' Biplots : Additional.PointDensities.cmd : local.GUI.func: no visible global function definition for 'tkwait.window' Biplots : Additional.PointDensities.cmd: no visible global function definition for 'tclVar' Biplots : Additional.PointDensities.cmd: no visible global function definition for 'tclvalue' Biplots : Additional.PointDensities.autcmd: no visible global function definition for 'tclvalue' Biplots : Additional.PointDensities.autcmd: no visible global function definition for 'image' Biplots : Additional.ClassificationRegion.cmd : local.GUI.func: no visible global function definition for 'tktoplevel' Biplots : Additional.ClassificationRegion.cmd : local.GUI.func: no visible global function definition for 'tkwm.withdraw' Biplots : Additional.ClassificationRegion.cmd : local.GUI.func : onDefault: no visible global function definition for 'tkconfigure' Biplots : Additional.ClassificationRegion.cmd : local.GUI.func : onDefault: no visible global function definition for 'tclVar' Biplots : Additional.ClassificationRegion.cmd : local.GUI.func : onOK: no visible global function definition for 'tclvalue' Biplots : Additional.ClassificationRegion.cmd : local.GUI.func : onOK: no visible global function definition for 'tkget' Biplots : Additional.ClassificationRegion.cmd : local.GUI.func : onOK: no visible global function definition for 'tclVar' Biplots : Additional.ClassificationRegion.cmd : local.GUI.func : onOK: no visible global function definition for 'tkdestroy' Biplots : Additional.ClassificationRegion.cmd : local.GUI.func : onOff: no visible global function definition for 'tkdestroy' Biplots : Additional.ClassificationRegion.cmd : local.GUI.func : onOff: no visible global function definition for 'tclVar' Biplots : Additional.ClassificationRegion.cmd : local.GUI.func: no visible global function definition for 'tk2frame' Biplots : Additional.ClassificationRegion.cmd : local.GUI.func: no visible global function definition for 'tk2label' Biplots : Additional.ClassificationRegion.cmd : local.GUI.func: no visible global function definition for 'tkwidget' Biplots : Additional.ClassificationRegion.cmd : local.GUI.func: no visible global function definition for 'tclVar' Biplots : Additional.ClassificationRegion.cmd : local.GUI.func: no visible global function definition for 'tk2entry' Biplots : Additional.ClassificationRegion.cmd : local.GUI.func: no visible global function definition for 'tk2button' Biplots : Additional.ClassificationRegion.cmd : local.GUI.func: no visible global function definition for 'tkplace' Biplots : Additional.ClassificationRegion.cmd : local.GUI.func: no visible global function definition for 'tkbind' Biplots : Additional.ClassificationRegion.cmd : local.GUI.func : <anonymous>: no visible global function definition for 'tkgrab.release' Biplots : Additional.ClassificationRegion.cmd : local.GUI.func : <anonymous>: no visible global function definition for 'tkfocus' Biplots : Additional.ClassificationRegion.cmd : local.GUI.func: no visible global function definition for 'tkwm.geometry' Biplots : Additional.ClassificationRegion.cmd : local.GUI.func: no visible global function definition for 'tkwm.focusmodel' Biplots : Additional.ClassificationRegion.cmd : local.GUI.func: no visible global function definition for 'tkwm.resizable' Biplots : Additional.ClassificationRegion.cmd : local.GUI.func: no visible global function definition for 'tkwm.deiconify' Biplots : Additional.ClassificationRegion.cmd : local.GUI.func: no visible global function definition for 'tkwm.title' Biplots : Additional.ClassificationRegion.cmd : local.GUI.func: no visible global function definition for 'tkgrab.set' Biplots : Additional.ClassificationRegion.cmd : local.GUI.func: no visible global function definition for 'tk2ico.load' Biplots : Additional.ClassificationRegion.cmd : local.GUI.func: no visible global function definition for 'tk2ico.set' Biplots : Additional.ClassificationRegion.cmd : local.GUI.func: no visible global function definition for 'tk2ico.destroy' Biplots : Additional.ClassificationRegion.cmd : local.GUI.func: no visible global function definition for 'tkwait.window' Biplots : Additional.ClassificationRegion.cmd: no visible global function definition for 'tclvalue' Biplots : Additional.ClassificationRegion.cmd: no visible global function definition for 'tclVar' Biplots : Additional.ClassificationRegion.autcmd: no visible global function definition for 'deldir' Biplots : Additional.ClassificationRegion.autcmd: no visible global function definition for 'tile.list' Biplots : Additional.ClassificationRegion.autcmd: no visible global function definition for 'image' Biplots : Additional.ClearAll.cmd: no visible global function definition for 'tclVar' Biplots : Help.ShowPopUpHelp.cmd: no visible global function definition for 'tclvalue' Biplots : Help.About.cmd: no visible global function definition for 'tkmessageBox' Biplots: no visible global function definition for 'tk2menu' Biplots: no visible global function definition for 'tkconfigure' Biplots: no visible global function definition for 'tkadd' Biplots: no visible global function definition for 'tkframe' Biplots: no visible global function definition for 'tkplace' Biplots : BiplotRegion.HorizontalScale.func: no visible global function definition for 'tkwinfo' Biplots : BiplotRegion.VerticalScale.func: no visible global function definition for 'tkwinfo' Biplots: no visible global function definition for 'tkrplot' Biplots : <anonymous>: no visible global function definition for 'par' Biplots : Biplot.replot: no visible global function definition for 'tkrreplot' Biplots : Biplot.ConvertCoordinates: no visible global function definition for 'tclvalue' Biplots : Biplot.ConvertCoordinates: no visible global function definition for 'tkwinfo' Biplots : Biplot.linear.plot.interior : DrawLinearBiplotAxisOnly: no visible global function definition for 'par' Biplots : Biplot.linear.plot.interior : DrawLinearBiplotAxisOnly : f1: no visible global function definition for 'par' Biplots : Biplot.linear.plot.interior : DrawLinearBiplotAxisOnly: no visible global function definition for 'segments' Biplots : Biplot.linear.plot.interior : DrawLinearBiplotAxisOnly: no visible global function definition for 'tclvalue' Biplots : Biplot.linear.plot.interior : DrawLinearBiplotAxisOnly: no visible global function definition for 'mtext' Biplots : Biplot.linear.plot.interior : DrawLinearBiplotAxis: no visible global function definition for 'tclvalue' Biplots : Biplot.linear.plot.interior : DrawLinearBiplotAxis: no visible global function definition for 'tkget' Biplots : Biplot.linear.plot.interior : DrawLinearBiplotAxis: no visible global function definition for 'segments' Biplots : Biplot.linear.plot.interior : DrawLinearBiplotAxis: no visible global function definition for 'par' Biplots : Biplot.linear.plot.interior : DrawLinearBiplotAxis: no visible global function definition for 'strwidth' Biplots : Biplot.linear.plot.interior : DrawLinearBiplotAxis: no visible global function definition for 'strheight' Biplots : Biplot.linear.plot.interior : DrawLinearBiplotAxis: no visible global function definition for 'text' Biplots : Biplot.linear.plot.interior: no visible global function definition for 'tclvalue' Biplots : Biplot.linear.plot.interior: no visible global function definition for 'tclVar' Biplots : Biplot.linear.plot.interior: no visible global function definition for 'layout' Biplots : Biplot.linear.plot.interior: no visible global function definition for 'par' Biplots : Biplot.linear.plot.interior: no visible global function definition for 'axis' Biplots : Biplot.linear.plot.interior: no visible global function definition for 'strwidth' Biplots : Biplot.linear.plot.interior: no visible global function definition for 'strheight' Biplots : Biplot.linear.plot.interior: no visible global function definition for 'title' Biplots : Biplot.linear.plot.interior: no visible global function definition for 'text' Biplots : Biplot.linear.plot.interior: no visible global function definition for 'points' Biplots : Biplot.linear.plot.interior: no visible global function definition for 'tkget' Biplots : Biplot.linear.plot.interior: no visible global function definition for 'segments' Biplots : Biplot.linear.plot.interior: no visible global function definition for 'box' Biplots : Biplot.NonLinear.determine.interpolative: no visible global function definition for 'tkmessageBox' Biplots : Biplot.NonLinear.determine.interpolative: no visible global function definition for 'tclvalue' Biplots : Biplot.NonLinear.determine.interpolative: no visible global function definition for 'tkget' Biplots : Biplot.NonLinear.layout: no visible global function definition for 'strwidth' Biplots : Biplot.NonLinear.layout: no visible global function definition for 'strheight' Biplots : Biplot.NonLinear.plot: no visible global function definition for 'layout' Biplots : Biplot.NonLinear.plot: no visible global function definition for 'par' Biplots : Biplot.NonLinear.plot: no visible global function definition for 'tclvalue' Biplots : Biplot.NonLinear.plot: no visible global function definition for 'axis' Biplots : Biplot.NonLinear.plot: no visible global function definition for 'strwidth' Biplots : Biplot.NonLinear.plot: no visible global function definition for 'strheight' Biplots : Biplot.NonLinear.plot: no visible global function definition for 'title' Biplots : Biplot.NonLinear.plot: no visible global function definition for 'lines' Biplots : Biplot.NonLinear.plot: no visible global function definition for 'segments' Biplots : Biplot.NonLinear.plot: no visible global function definition for 'text' Biplots : Biplot.NonLinear.plot: no visible global function definition for 'points' Biplots : Biplot.NonLinear.plot: no visible global function definition for 'tkget' Biplots : Biplot.NonLinear.plot: no visible global function definition for 'symbols' Biplots : Biplot.NonLinear.plot: no visible global function definition for 'box' Biplots : Biplot.linear.predictions: no visible global function definition for 'tclvalue' Biplots : Biplot.linear.interpolate: no visible global function definition for 'tclvalue' Biplots : Biplot.general.motion: no visible global function definition for 'tclvalue' Biplots : Biplot.general.motion: no visible global function definition for 'tkconfigure' Biplots : Biplot.OverPoint: no visible global function definition for 'tclvalue' Biplots : Biplot.linear.OverAxis: no visible global function definition for 'tclvalue' Biplots : Biplot.general.LeftRelease: no visible global function definition for 'tkconfigure' Biplots : Biplot.general.RightClick: no visible global function definition for 'tclvalue' Biplots : Biplot.general.RightClick: no visible global function definition for 'tkpopup' Biplots : Biplot.general.RightClick: no visible global function definition for 'tkwinfo' Biplots : Biplot.plot.SampleGroupMeans: no visible global function definition for 'text' Biplots : Biplot.plot.SampleGroupMeans: no visible global function definition for 'strwidth' Biplots : Biplot.plot.SampleGroupMeans: no visible global function definition for 'strheight' Biplots : Biplot.plot.SampleGroupMeans: no visible global function definition for 'points' Biplots : Biplot.plot.ConvexHullAlphaBag.bg: no visible global function definition for 'hcl' Biplots : Biplot.plot.ConvexHullAlphaBag.bg: no visible global function definition for 'polygon' Biplots : Biplot.plot.ConvexHullAlphaBag.fg: no visible global function definition for 'hcl' Biplots : Biplot.plot.ConvexHullAlphaBag.fg : <anonymous>: no visible global function definition for 'lines' Biplots : Biplot.plot.ConvexHullAlphaBag.fg: no visible global function definition for 'tclvalue' Biplots : Biplot.plot.ConvexHullAlphaBag.fg: no visible global function definition for 'text' Biplots : Biplot.plot.ConvexHullAlphaBag.fg: no visible global function definition for 'strwidth' Biplots : Biplot.plot.ConvexHullAlphaBag.fg: no visible global function definition for 'strheight' Biplots : Biplot.plot.ConvexHullAlphaBag.fg: no visible global function definition for 'points' Biplots : Biplot.ZoomIn.cmd: no visible global function definition for 'tkwm.title' Biplots : Biplot.ZoomOut.cmd: no visible global function definition for 'tkwm.title' Biplots : Biplot.ResetZoom.cmd: no visible global function definition for 'tkwm.title' Biplots : Biplot.DontPredict.cmd: no visible global function definition for 'tkconfigure' Biplots : Biplot.DontPredict.cmd: no visible global function definition for '.Tcl' Biplots : Biplot.PredictCursorPositions.cmd: no visible global function definition for '.Tcl' Biplots : Biplot.PredictCursorPositions.cmd: no visible global function definition for 'tkconfigure' Biplots : Biplot.PredictPointsClosestToCursorPositions.cmd: no visible global function definition for 'tkconfigure' Biplots : Biplot.PredictPointsClosestToCursorPositions.cmd: no visible global function definition for '.Tcl' Biplots : Biplot.Highlight.cmd: no visible global function definition for 'tclvalue' Biplots : Biplot.RemoveAxisHighlight.cmd: no visible global function definition for 'tkentryconfigure' Biplots : Biplot.RemoveAxisHighlight.cmd: no visible global function definition for 'tclvalue' Biplots : Biplot.SendPointToKraal.cmd: no visible global function definition for 'tclvalue' Biplots : Biplot.SendAxisToKraal.cmd: no visible global function definition for 'tkmessageBox' Biplots : Biplot.SendAxisToKraal.cmd: no visible global function definition for 'tkfocus' Biplots : Biplot.SendAxisToKraal.cmd: no visible global function definition for 'tclvalue' Biplots : Biplot.linear.plot3D: no visible global function definition for 'tclvalue' Biplots : Biplot.linear.plot3D: no visible global function definition for 'rgl.open' Biplots : Biplot.linear.plot3D: no visible global function definition for 'rgl.clear' Biplots : Biplot.linear.plot3D: no visible global function definition for 'rgl.bg' Biplots : Biplot.linear.plot3D: no visible global function definition for 'rgl.light' Biplots : Biplot.linear.plot3D: no visible global function definition for 'points3d' Biplots : Biplot.linear.plot3D: no visible global function definition for 'text3d' Biplots : Biplot.linear.plot3D: no visible global function definition for 'tkget' Biplots : Biplot.linear.plot3D: no visible global function definition for 'segments3d' Biplots : Biplot.linear.plot3D: no visible global function definition for 'aspect3d' Biplots : Biplot.linear.plot3D: no visible global function definition for 'par3d' Biplots : Biplot.linear.plot3D: no visible global function definition for 'title3d' Biplots : Biplot.linear.plot3D: no visible global function definition for 'light3d' Biplots : Biplot.linear.plot3D: no visible global function definition for 'rgl.viewpoint' Biplots : Biplot.NonLinear.plot3D: no visible global function definition for 'tclvalue' Biplots : Biplot.NonLinear.plot3D: no visible global function definition for 'tkget' Biplots : Biplot.NonLinear.plot3D: no visible global function definition for 'rgl.open' Biplots : Biplot.NonLinear.plot3D: no visible global function definition for 'rgl.clear' Biplots : Biplot.NonLinear.plot3D: no visible global function definition for 'rgl.bg' Biplots : Biplot.NonLinear.plot3D: no visible global function definition for 'rgl.light' Biplots : Biplot.NonLinear.plot3D: no visible global function definition for 'points3d' Biplots : Biplot.NonLinear.plot3D: no visible global function definition for 'text3d' Biplots : Biplot.NonLinear.plot3D: no visible global function definition for 'lines3d' Biplots : Biplot.NonLinear.plot3D: no visible global function definition for 'aspect3d' Biplots : Biplot.NonLinear.plot3D: no visible global function definition for 'par3d' Biplots : Biplot.NonLinear.plot3D: no visible global function definition for 'segments3d' Biplots : Biplot.NonLinear.plot3D: no visible global function definition for 'title3d' Biplots : Biplot.NonLinear.plot3D: no visible global function definition for 'light3d' Biplots : Biplot.NonLinear.plot3D: no visible global function definition for 'rgl.viewpoint' Biplots : Legend.yes: no visible global function definition for 'tclvalue' Biplots : Legend.func: no visible global function definition for 'tclvalue' Biplots : Legend.func: no visible global function definition for 'hcl' Biplots : Legend.func: no visible global function definition for 'tkentryconfigure' Biplots : Legend.func: no visible global function definition for 'strwidth' Biplots : <anonymous>: no visible global function definition for 'tclvalue' Biplots : SettingsBox.action.cmd: no visible global function definition for 'tclvalue' Biplots : SettingsBox.action.cmd: no visible global function definition for 'tkget' Biplots : SettingsBox.action.cmd: no visible global function definition for 'tclVar' Biplots : SettingsBox.transformation.cmd: no visible global function definition for 'tclvalue' Biplots : SettingsBox.transformation.cmd: no visible global function definition for 'tkget' Biplots : SettingsBox.transformation.cmd : <anonymous>: no visible binding for global variable 'sd' Biplots : SettingsBox.transformation.FollowThrough.cmd: no visible global function definition for 'tkconfigure' Biplots : SettingsBox.transformation.FollowThrough.cmd: no visible global function definition for '.Tcl' Biplots : SettingsBox.transformation.FollowThrough.cmd: no visible global function definition for 'tclvalue' Biplots: no visible global function definition for 'tklabel' Biplots: no visible global function definition for 'tkwidget' Biplots : DiagnosticTabs.switch: no visible global function definition for 'tclvalue' Biplots : DiagnosticTabs.SaveAs.PDF.cmd: no visible global function definition for 'tclvalue' Biplots : DiagnosticTabs.SaveAs.PDF.cmd: no visible global function definition for 'tkgetSaveFile' Biplots : DiagnosticTabs.SaveAs.PDF.cmd: no visible global function definition for 'pdf' Biplots : DiagnosticTabs.SaveAs.PDF.cmd: no visible global function definition for 'dev.off' Biplots : DiagnosticTabs.SaveAs.PDF.cmd: no visible global function definition for 'tkfocus' Biplots : DiagnosticTabs.SaveAs.Postscript.cmd: no visible global function definition for 'tclvalue' Biplots : DiagnosticTabs.SaveAs.Postscript.cmd: no visible global function definition for 'tkgetSaveFile' Biplots : DiagnosticTabs.SaveAs.Postscript.cmd: no visible global function definition for 'postscript' Biplots : DiagnosticTabs.SaveAs.Postscript.cmd: no visible global function definition for 'dev.off' Biplots : DiagnosticTabs.SaveAs.Postscript.cmd: no visible global function definition for 'tkfocus' Biplots : DiagnosticTabs.SaveAs.Metafile.cmd: no visible global function definition for 'tclvalue' Biplots : DiagnosticTabs.SaveAs.Metafile.cmd: no visible global function definition for 'tkgetSaveFile' Biplots : DiagnosticTabs.SaveAs.Metafile.cmd: no visible global function definition for 'win.metafile' Biplots : DiagnosticTabs.SaveAs.Metafile.cmd: no visible global function definition for 'dev.off' Biplots : DiagnosticTabs.SaveAs.Metafile.cmd: no visible global function definition for 'tkfocus' Biplots : DiagnosticTabs.SaveAs.Bmp.cmd: no visible global function definition for 'tclvalue' Biplots : DiagnosticTabs.SaveAs.Bmp.cmd: no visible global function definition for 'tkgetSaveFile' Biplots : DiagnosticTabs.SaveAs.Bmp.cmd: no visible global function definition for 'bmp' Biplots : DiagnosticTabs.SaveAs.Bmp.cmd: no visible global function definition for 'dev.off' Biplots : DiagnosticTabs.SaveAs.Bmp.cmd: no visible global function definition for 'tkfocus' Biplots : DiagnosticTabs.SaveAs.Png.cmd: no visible global function definition for 'tclvalue' Biplots : DiagnosticTabs.SaveAs.Png.cmd: no visible global function definition for 'tkgetSaveFile' Biplots : DiagnosticTabs.SaveAs.Png.cmd: no visible global function definition for 'png' Biplots : DiagnosticTabs.SaveAs.Png.cmd: no visible global function definition for 'dev.off' Biplots : DiagnosticTabs.SaveAs.Png.cmd: no visible global function definition for 'tkfocus' Biplots : DiagnosticTabs.SaveAs.Jpeg.cmd: no visible global function definition for 'tclvalue' Biplots : DiagnosticTabs.SaveAs.Jpeg.cmd: no visible global function definition for 'tkgetSaveFile' Biplots : DiagnosticTabs.SaveAs.Jpeg.cmd: no visible global function definition for 'jpeg' Biplots : DiagnosticTabs.SaveAs.Jpeg.cmd: no visible global function definition for 'dev.off' Biplots : DiagnosticTabs.SaveAs.Jpeg.cmd: no visible global function definition for 'tkfocus' Biplots : DiagnosticTabs.SaveAs.PicTeX.cmd: no visible global function definition for 'tclvalue' Biplots : DiagnosticTabs.SaveAs.PicTeX.cmd: no visible global function definition for 'tkgetSaveFile' Biplots : DiagnosticTabs.SaveAs.PicTeX.cmd: no visible global function definition for 'pictex' Biplots : DiagnosticTabs.SaveAs.PicTeX.cmd: no visible global function definition for 'dev.off' Biplots : DiagnosticTabs.SaveAs.PicTeX.cmd: no visible global function definition for 'tkfocus' Biplots : DiagnosticTabs.Copy.cmd: no visible global function definition for 'win.metafile' Biplots : DiagnosticTabs.Copy.cmd: no visible global function definition for 'dev.off' Biplots : DiagnosticTabs.Print.cmd: no visible global function definition for 'win.print' Biplots : DiagnosticTabs.Print.cmd: no visible global function definition for 'dev.off' Biplots : DiagnosticTabs.ExternalWindow.cmd: no visible global function definition for 'dev.cur' Biplots : DiagnosticTabs.ExternalWindow.cmd: no visible global function definition for 'graphics.off' Biplots : DiagnosticTabs.ExternalWindow.cmd: no visible global function definition for 'x11' Biplots : ConvergenceTab.plot: no visible global function definition for 'layout' Biplots : ConvergenceTab.plot: no visible global function definition for 'par' Biplots : ConvergenceTab.plot: no visible global function definition for 'tclvalue' Biplots : ConvergenceTab.plot: no visible global function definition for 'title' Biplots : ConvergenceTab.replot: no visible global function definition for 'tkrreplot' Biplots : ConvergenceTab.RightClick: no visible global function definition for 'tkpopup' Biplots : ConvergenceTab.RightClick: no visible global function definition for 'tclvalue' Biplots : ConvergenceTab.RightClick: no visible global function definition for 'tkwinfo' Biplots : PointsTab.plot.predictivities: no visible global function definition for 'layout' Biplots : PointsTab.plot.predictivities: no visible global function definition for 'par' Biplots : PointsTab.plot.predictivities: no visible global function definition for 'tclvalue' Biplots : PointsTab.plot.predictivities: no visible global function definition for 'axTicks' Biplots : PointsTab.plot.predictivities: no visible global function definition for 'plot.window' Biplots : PointsTab.plot.predictivities: no visible global function definition for 'title' Biplots : PointsTab.plot.predictivities: no visible global function definition for 'axis' Biplots : PointsTab.plot.predictivities: no visible global function definition for 'lines' Biplots : PointsTab.plot.predictivities: no visible global function definition for 'text' Biplots : PointsTab.plot.predictivities: no visible global function definition for 'strwidth' Biplots : PointsTab.plot.predictivities: no visible global function definition for 'strheight' Biplots : PointsTab.plot.predictivities: no visible global function definition for 'points' Biplots : PointsTab.predictivities.replot: no visible global function definition for 'tkrreplot' Biplots : PointsTab.predictivities.replot: no visible global function definition for 'tclvalue' Biplots : PointsTab.plot.ShepardDiagram: no visible global function definition for 'layout' Biplots : PointsTab.plot.ShepardDiagram: no visible global function definition for 'par' Biplots : PointsTab.plot.ShepardDiagram: no visible global function definition for 'axis' Biplots : PointsTab.plot.ShepardDiagram: no visible global function definition for 'tclvalue' Biplots : PointsTab.plot.ShepardDiagram: no visible global function definition for 'title' Biplots : PointsTab.plot.ShepardDiagram: no visible global function definition for 'lines' Biplots : PointsTab.plot.ShepardDiagram: no visible global function definition for 'points' Biplots : PointsTab.plot.ShepardDiagram: no visible global function definition for 'text' Biplots : PointsTab.plot.ShepardDiagram: no visible global function definition for 'legend' Biplots : PointsTab.ShepardDiagram.replot: no visible global function definition for 'tkrreplot' Biplots : PointsTab.ShepardDiagram.replot: no visible global function definition for 'tclvalue' Biplots : PointsTab.replot: no visible global function definition for 'tclvalue' Biplots : PointsTab.RightClick: no visible global function definition for 'tkpopup' Biplots : PointsTab.RightClick: no visible global function definition for 'tclvalue' Biplots : PointsTab.RightClick: no visible global function definition for 'tkwinfo' Biplots : GroupsTab.plot.predictivities: no visible global function definition for 'layout' Biplots : GroupsTab.plot.predictivities: no visible global function definition for 'par' Biplots : GroupsTab.plot.predictivities: no visible global function definition for 'tclvalue' Biplots : GroupsTab.plot.predictivities: no visible global function definition for 'axTicks' Biplots : GroupsTab.plot.predictivities: no visible global function definition for 'plot.window' Biplots : GroupsTab.plot.predictivities: no visible global function definition for 'title' Biplots : GroupsTab.plot.predictivities: no visible global function definition for 'axis' Biplots : GroupsTab.plot.predictivities: no visible global function definition for 'lines' Biplots : GroupsTab.plot.predictivities: no visible global function definition for 'text' Biplots : GroupsTab.plot.predictivities: no visible global function definition for 'strwidth' Biplots : GroupsTab.plot.predictivities: no visible global function definition for 'strheight' Biplots : GroupsTab.plot.predictivities: no visible global function definition for 'points' Biplots : GroupsTab.replot: no visible global function definition for 'tclvalue' Biplots : GroupsTab.replot: no visible global function definition for 'tkrreplot' Biplots : GroupsTab.RightClick: no visible global function definition for 'tkpopup' Biplots : GroupsTab.RightClick: no visible global function definition for 'tclvalue' Biplots : GroupsTab.RightClick: no visible global function definition for 'tkwinfo' Biplots : AxesTab.plot.predictivities: no visible global function definition for 'layout' Biplots : AxesTab.plot.predictivities: no visible global function definition for 'par' Biplots : AxesTab.plot.predictivities: no visible global function definition for 'tclvalue' Biplots : AxesTab.plot.predictivities: no visible global function definition for 'axTicks' Biplots : AxesTab.plot.predictivities: no visible global function definition for 'plot.window' Biplots : AxesTab.plot.predictivities: no visible global function definition for 'title' Biplots : AxesTab.plot.predictivities: no visible global function definition for 'axis' Biplots : AxesTab.plot.predictivities: no visible global function definition for 'lines' Biplots : AxesTab.plot.predictivities: no visible global function definition for 'text' Biplots : AxesTab.plot.predictivities: no visible global function definition for 'strwidth' Biplots : AxesTab.plot.predictivities: no visible global function definition for 'strheight' Biplots : AxesTab.plot.predictivities: no visible global function definition for 'points' Biplots : AxesTab.replot: no visible global function definition for 'tclvalue' Biplots : AxesTab.replot: no visible global function definition for 'tkrreplot' Biplots : AxesTab.RightClick: no visible global function definition for 'tkpopup' Biplots : AxesTab.RightClick: no visible global function definition for 'tclvalue' Biplots : AxesTab.RightClick: no visible global function definition for 'tkwinfo' Biplots : PredictionsTab.update: no visible global function definition for 'tclvalue' Biplots : PredictionsTab.update: no visible global function definition for 'tkconfigure' Biplots : ExportTab.update: no visible global function definition for 'tcl' Biplots : ExportTab.update: no visible global function definition for 'tkconfigure' Biplots : ExportTab.update: no visible global function definition for 'tclvalue' Biplots : ExportTab.update: no visible global function definition for 'tkget' Biplots : ExportTab.update : <anonymous>: no visible global function definition for 'dist' Biplots : ExportTab.update : <anonymous>: no visible global function definition for 'cov' Biplots : ExportTab.update: no visible global function definition for 'tkinsert' Biplots : ExportTab.update : <anonymous>: no visible global function definition for 'tkconfigure' Biplots : ExportTab.ExportToFile.cmd: no visible global function definition for 'tclvalue' Biplots : ExportTab.ExportToFile.cmd: no visible global function definition for 'tkgetSaveFile' Biplots : ExportTab.ExportToFile.cmd: no visible global function definition for 'tkfocus' Biplots: no visible global function definition for 'tk2notebook' Biplots: no visible global function definition for 'tk2frame' Biplots : ConvergenceTab.HorizontalScale.func: no visible global function definition for 'tkwinfo' Biplots : ConvergenceTab.VerticalScale.func: no visible global function definition for 'tkwinfo' Biplots : PredictionsTab.place: no visible global function definition for 'tkplace' Biplots : PredictionsTab.place: no visible global function definition for 'tclvalue' Biplots : PredictionsTab.place: no visible global function definition for 'tkwinfo' Biplots : PredictionsTab.ArraySetup: no visible global function definition for 'tclArray' Biplots : PredictionsTab.ArraySetup: no visible global function definition for '.Tcl' Biplots : PredictionsTab.ArraySetup: no visible global function definition for 'tk2table' Biplots : PredictionsTab.ArraySetup : <anonymous>: no visible global function definition for 'tkset' Biplots : PredictionsTab.ArraySetup: no visible global function definition for 'tkscrollbar' Biplots : PredictionsTab.ArraySetup : <anonymous>: no visible global function definition for 'tkyview' Biplots : PredictionsTab.ArraySetup: no visible global function definition for 'tkconfigure' Biplots: no visible global function definition for 'tkscrollbar' Biplots : <anonymous>: no visible global function definition for 'tkxview' Biplots : <anonymous>: no visible global function definition for 'tkyview' Biplots : <anonymous>: no visible global function definition for 'tkset' Biplots: no visible global function definition for 'tk2button' Biplots : Kraal.ConvertCoordinates: no visible global function definition for 'tclvalue' Biplots : Kraal.ConvertCoordinates: no visible global function definition for 'tkwinfo' Biplots : Kraal.plot: no visible global function definition for 'par' Biplots : Kraal.plot: no visible global function definition for 'points' Biplots : Kraal.plot: no visible global function definition for 'text' Biplots : Kraal.plot: no visible global function definition for 'strwidth' Biplots : Kraal.plot: no visible global function definition for 'strheight' Biplots : Kraal.plot: no visible global function definition for 'segments' Biplots : Kraal.replot: no visible global function definition for 'tkrreplot' Biplots : Kraal.motion: no visible global function definition for 'tkconfigure' Biplots : Kraal.LeftRelease: no visible global function definition for 'tkconfigure' Biplots : Kraal.RightClick: no visible global function definition for 'tkpopup' Biplots : Kraal.RightClick: no visible global function definition for 'tclvalue' Biplots : Kraal.RightClick: no visible global function definition for 'tkwinfo' Biplots : Kraal.in.func: no visible global function definition for 'tkconfigure' Biplots : Kraal.in.func: no visible global function definition for 'tkentryconfigure' Biplots : Kraal.in.func: no visible global function definition for 'tclVar' Biplots : Kraal.in.func: no visible global function definition for 'tclvalue' Biplots : Kraal.out.func: no visible global function definition for 'tkconfigure' Biplots : Kraal.out.func: no visible global function definition for 'tkentryconfigure' Biplots : Kraal.out.func: no visible global function definition for 'tclVar' Biplots : Kraal.ReturnPoints.cmd: no visible global function definition for 'tkconfigure' Biplots : Kraal.ReturnPoints.cmd: no visible global function definition for 'tkentryconfigure' Biplots : Kraal.ReturnAxes.cmd: no visible global function definition for 'tclVar' Biplots : Kraal.ReturnAxes.cmd: no visible global function definition for 'tkconfigure' Biplots : Kraal.ReturnAxes.cmd: no visible global function definition for 'tkentryconfigure' Biplots : Kraal.ReturnAll.cmd: no visible global function definition for 'tclVar' Biplots : Kraal.ReturnAll.cmd: no visible global function definition for 'tkconfigure' Biplots : Kraal.ReturnAll.cmd: no visible global function definition for 'tkentryconfigure' Biplots : Kraal.FollowThrough.cmd: no visible global function definition for 'tclvalue' Biplots : Kraal.FollowThrough.cmd: no visible global function definition for 'tkget' Biplots : Kraal.FollowThrough.cmd: no visible global function definition for 'tkmessageBox' Biplots : Kraal.FollowThrough.cmd: no visible global function definition for 'tkfocus' Biplots : Kraal.FollowThrough.cmd: no visible global function definition for 'tkconfigure' Biplots : Kraal.HorizontalScale.func: no visible global function definition for 'tkwinfo' Biplots : Kraal.VerticalScale.func: no visible global function definition for 'tkwinfo' Biplots : <anonymous>: no visible global function definition for 'points' Biplots : Other.DisplayInExternalWindow.AsIs.cmd: no visible global function definition for '.Tcl' Biplots : Other.DisplayInExternalWindow.AsIs.cmd: no visible global function definition for 'dev.cur' Biplots : Other.DisplayInExternalWindow.AsIs.cmd: no visible global function definition for 'graphics.off' Biplots : Other.DisplayInExternalWindow.AsIs.cmd: no visible global function definition for 'x11' Biplots : Other.HidePoints.cmd: no visible global function definition for 'tclvalue' Biplots : Other.HidePoints.cmd: no visible global function definition for 'tclVar' Biplots : Other.HideAxes.cmd: no visible global function definition for 'tclvalue' Biplots : Other.HideAxes.cmd: no visible global function definition for 'tclVar' Biplots: no visible global function definition for 'ttkprogressbar' Biplots : Other.ProgressBar.create: no visible global function definition for 'tkplace' Biplots : Other.ProgressBar.destroy: no visible global function definition for 'tkplace' Biplots: no visible global function definition for 'tk2menubutton' Biplots: no visible global function definition for 'tk2checkbutton' Biplots: no visible global function definition for 'tkselect' Undefined global functions or variables: .Tcl .make.tkindex .my.tkdev as.graphicsAnnot aspect3d axTicks axis bmp box chull col2rgb cov deldir dev.cur dev.off dist graphics.off hcl image jpeg layout legend light3d lines lines3d mid.in mtext par par3d pdf pictex plot.window png points points3d polygon postscript quantile rect rgb rgl.bg rgl.clear rgl.light rgl.open rgl.viewpoint runif sd segments segments3d strheight strwidth symbols tcl tclArray tclFun tclRequire tclVar tclvalue text text3d tile.list title title3d tk2button tk2checkbutton tk2entry tk2frame tk2ico.destroy tk2ico.load tk2ico.set tk2label tk2menu tk2menubutton tk2notebook tk2table tkadd tkbind tkconfigure tkcurselection tkdestroy tkentryconfigure tkfocus tkframe tkget tkgetSaveFile tkgrab.release tkgrab.set tkinsert tkinvoke tklabel tkmessageBox tkplace tkpopup tkrplot tkrreplot tkscrollbar tkselect tkset tktoplevel tkwait.window tkwidget tkwinfo tkwm.deiconify tkwm.focusmodel tkwm.geometry tkwm.resizable tkwm.title tkwm.withdraw tkxview tkyview ttkprogressbar win.metafile win.print x11 xinch xy.coords yinch Consider adding importFrom("grDevices", "as.graphicsAnnot", "bmp", "chull", "col2rgb", "dev.cur", "dev.off", "graphics.off", "hcl", "jpeg", "pdf", "pictex", "png", "postscript", "rgb", "win.metafile", "win.print", "x11", "xy.coords") importFrom("graphics", "axTicks", "axis", "box", "image", "layout", "legend", "lines", "mtext", "par", "plot.window", "points", "polygon", "rect", "segments", "strheight", "strwidth", "symbols", "text", "title", "xinch", "yinch") importFrom("stats", "cov", "dist", "quantile", "runif", "sd") to your NAMESPACE file. Flavors: r-devel-windows-x86_64, r-release-windows-x86_64, r-oldrel-windows-x86_64

Version: 0.0-7
Check: Rd files
Result: NOTE checkRd: (-1) FighterAircraft.Rd:32: Escaped LaTeX specials: \& Flavors: r-devel-windows-x86_64, r-release-windows-x86_64, r-oldrel-macos-x86_64, r-oldrel-windows-x86_64

Version: 0.0-7
Check: PDF version of manual
Result: WARN LaTeX errors when creating PDF version. This typically indicates Rd problems. Flavor: r-oldrel-macos-x86_64

Version: 0.0-7
Check: PDF version of manual without index
Result: ERROR Re-running with no redirection of stdout/stderr. Flavor: r-oldrel-macos-x86_64