CRAN Package Check Results for Package Binarize

Last updated on 2024-07-24 20:52:17 CEST.

Flavor Version Tinstall Tcheck Ttotal Status Flags
r-devel-linux-x86_64-debian-clang 1.3.1 9.40 48.16 57.56 NOTE
r-devel-linux-x86_64-debian-gcc 1.3.1 7.07 36.39 43.46 NOTE
r-devel-linux-x86_64-fedora-clang 1.3.1 74.74 NOTE
r-devel-linux-x86_64-fedora-gcc 1.3.1 82.14 NOTE
r-devel-windows-x86_64 1.3.1 14.00 77.00 91.00 NOTE
r-patched-linux-x86_64 1.3.1 9.62 45.56 55.18 OK
r-release-linux-x86_64 1.3.1 8.92 45.61 54.53 OK
r-release-macos-arm64 1.3.1 32.00 OK
r-release-macos-x86_64 1.3.1 46.00 OK
r-release-windows-x86_64 1.3.1 11.00 76.00 87.00 OK
r-oldrel-macos-arm64 1.3.1 35.00 OK
r-oldrel-macos-x86_64 1.3.1 56.00 OK
r-oldrel-windows-x86_64 1.3.1 12.00 81.00 93.00 OK

Check Details

Version: 1.3.1
Check: compiled code
Result: NOTE File ‘Binarize/libs/Binarize.so’: Found non-API call to R: ‘SET_TYPEOF’ Compiled code should not call non-API entry points in R. See ‘Writing portable packages’ in the ‘Writing R Extensions’ manual, and section ‘Moving into C API compliance’ for issues with the use of non-API entry points. Flavors: r-devel-linux-x86_64-debian-clang, r-devel-linux-x86_64-debian-gcc, r-devel-linux-x86_64-fedora-clang, r-devel-linux-x86_64-fedora-gcc

Version: 1.3.1
Check: compiled code
Result: NOTE File 'Binarize/libs/x64/Binarize.dll': Found non-API call to R: 'SET_TYPEOF' Compiled code should not call non-API entry points in R. See 'Writing portable packages' in the 'Writing R Extensions' manual, and section 'Moving into C API compliance' for issues with the use of non-API entry points. Flavor: r-devel-windows-x86_64