Last updated on 2025-01-20 19:49:09 CET.
Flavor | Version | Tinstall | Tcheck | Ttotal | Status | Flags |
---|---|---|---|---|---|---|
r-devel-linux-x86_64-debian-clang | 2.2.3 | 224.43 | 198.16 | 422.59 | OK | |
r-devel-linux-x86_64-debian-gcc | 2.2.3 | 160.01 | 124.67 | 284.68 | OK | |
r-devel-linux-x86_64-fedora-clang | 2.2.3 | 802.14 | OK | |||
r-devel-linux-x86_64-fedora-gcc | 2.2.3 | 643.36 | OK | |||
r-devel-windows-x86_64 | 2.2.3 | 233.00 | 252.00 | 485.00 | OK | |
r-patched-linux-x86_64 | 2.2.3 | 221.08 | 173.97 | 395.05 | OK | |
r-release-linux-x86_64 | 2.2.3 | 227.62 | 196.97 | 424.59 | OK | |
r-release-macos-arm64 | 2.2.3 | 170.00 | NOTE | |||
r-release-macos-x86_64 | 2.2.3 | 287.00 | NOTE | |||
r-release-windows-x86_64 | 2.2.3 | 221.00 | 239.00 | 460.00 | NOTE | |
r-oldrel-macos-arm64 | 2.2.3 | 158.00 | NOTE | |||
r-oldrel-macos-x86_64 | 2.2.3 | 247.00 | NOTE | |||
r-oldrel-windows-x86_64 | 2.2.3 | 194.00 | 289.00 | 483.00 | NOTE |
Version: 2.2.3
Check: installed package size
Result: NOTE
installed size is 13.9Mb
sub-directories of 1Mb or more:
doc 2.7Mb
libs 10.4Mb
Flavors: r-release-macos-arm64, r-release-macos-x86_64, r-release-windows-x86_64, r-oldrel-macos-arm64, r-oldrel-macos-x86_64, r-oldrel-windows-x86_64