CRAN Package Check Results for Package BayesESS

Last updated on 2024-06-22 04:48:55 CEST.

Flavor Version Tinstall Tcheck Ttotal Status Flags
r-devel-linux-x86_64-debian-clang 0.1.19 62.86 84.93 147.79 NOTE
r-devel-linux-x86_64-debian-gcc 0.1.19 41.69 63.80 105.49 NOTE
r-devel-linux-x86_64-fedora-clang 0.1.19 204.20 NOTE
r-devel-linux-x86_64-fedora-gcc 0.1.19 197.90 NOTE
r-devel-windows-x86_64 0.1.19 51.00 99.00 150.00 NOTE
r-patched-linux-x86_64 0.1.19 51.61 79.73 131.34 NOTE
r-release-linux-x86_64 0.1.19 52.21 83.36 135.57 NOTE
r-release-macos-arm64 0.1.19 50.00 NOTE
r-release-macos-x86_64 0.1.19 90.00 NOTE
r-release-windows-x86_64 0.1.19 53.00 97.00 150.00 NOTE
r-oldrel-macos-arm64 0.1.19 59.00 NOTE
r-oldrel-macos-x86_64 0.1.19 95.00 NOTE
r-oldrel-windows-x86_64 0.1.19 63.00 117.00 180.00 NOTE

Check Details

Version: 0.1.19
Check: LazyData
Result: NOTE 'LazyData' is specified without a 'data' directory Flavors: r-devel-linux-x86_64-debian-clang, r-devel-linux-x86_64-debian-gcc, r-devel-linux-x86_64-fedora-clang, r-devel-linux-x86_64-fedora-gcc, r-devel-windows-x86_64, r-patched-linux-x86_64, r-release-linux-x86_64, r-release-macos-arm64, r-release-macos-x86_64, r-release-windows-x86_64, r-oldrel-macos-arm64, r-oldrel-macos-x86_64, r-oldrel-windows-x86_64

Version: 0.1.19
Check: dependencies in R code
Result: NOTE Namespaces in Imports field not imported from: ‘MASS’ ‘MatrixModels’ All declared Imports should be used. Flavors: r-devel-linux-x86_64-fedora-clang, r-devel-linux-x86_64-fedora-gcc