CRAN Package Check Results for Package BayesDA

Last updated on 2023-01-26 18:49:15 CET.

Flavor Version Tinstall Tcheck Ttotal Status Flags
r-devel-linux-x86_64-debian-clang 2012.04-1 1.67 24.61 26.28 NOTE
r-devel-linux-x86_64-debian-gcc 2012.04-1 1.32 19.40 20.72 NOTE
r-devel-linux-x86_64-fedora-clang 2012.04-1 37.15 NOTE
r-devel-linux-x86_64-fedora-gcc 2012.04-1 35.13 NOTE
r-devel-windows-x86_64 2012.04-1 16.00 61.00 77.00 NOTE
r-patched-linux-x86_64 2012.04-1 1.91 24.21 26.12 OK
r-release-linux-x86_64 2012.04-1 1.63 24.42 26.05 OK
r-release-macos-arm64 2012.04-1 16.00 OK
r-release-macos-x86_64 2012.04-1 24.00 OK
r-release-windows-x86_64 2012.04-1 14.00 58.00 72.00 OK
r-oldrel-macos-arm64 2012.04-1 20.00 OK
r-oldrel-macos-x86_64 2012.04-1 28.00 OK
r-oldrel-windows-ix86+x86_64 2012.04-1 5.00 52.00 57.00 OK

Check Details

Version: 2012.04-1
Check: Rd files
Result: NOTE
    checkRd: (-1) dilution.Rd:13: Escaped LaTeX specials: \$
    checkRd: (-1) dilution.Rd:15: Escaped LaTeX specials: \$
    checkRd: (-1) dilution.Rd:16: Escaped LaTeX specials: \$
    checkRd: (-1) dilution.Rd:17: Escaped LaTeX specials: \$
    checkRd: (-1) personality.Rd:15: Escaped LaTeX specials: \$
    checkRd: (-1) personality.Rd:16: Escaped LaTeX specials: \$
    checkRd: (-1) personality.Rd:17: Escaped LaTeX specials: \$
Flavors: r-devel-linux-x86_64-debian-clang, r-devel-linux-x86_64-debian-gcc, r-devel-linux-x86_64-fedora-clang, r-devel-linux-x86_64-fedora-gcc, r-devel-windows-x86_64