CRAN Package Check Results for Package BNSP

Last updated on 2024-06-13 07:50:23 CEST.

Flavor Version Tinstall Tcheck Ttotal Status Flags
r-devel-linux-x86_64-debian-clang 2.2.3 80.78 165.54 246.32 OK
r-devel-linux-x86_64-debian-gcc 2.2.3 0.38 1.70 2.08 ERROR
r-devel-linux-x86_64-fedora-clang 2.2.3 299.04 OK
r-devel-linux-x86_64-fedora-gcc 2.2.3 369.52 OK
r-devel-windows-x86_64 2.2.3 71.00 122.00 193.00 OK
r-patched-linux-x86_64 2.2.3 96.02 162.56 258.58 OK
r-release-linux-x86_64 2.2.3 93.78 162.12 255.90 OK
r-release-macos-arm64 2.2.3 112.00 NOTE
r-release-macos-x86_64 2.2.3 131.00 NOTE
r-release-windows-x86_64 2.2.3 73.00 131.00 204.00 OK
r-oldrel-macos-arm64 2.2.3 81.00 NOTE
r-oldrel-macos-x86_64 2.2.3 160.00 NOTE
r-oldrel-windows-x86_64 2.2.3 89.00 143.00 232.00 OK

Check Details

Version: 2.2.3
Check: package dependencies
Result: ERROR Packages required but not available: 'ggplot2', 'threejs' See section ‘The DESCRIPTION file’ in the ‘Writing R Extensions’ manual. Flavor: r-devel-linux-x86_64-debian-gcc

Version: 2.2.3
Check: installed package size
Result: NOTE installed size is 5.2Mb sub-directories of 1Mb or more: libs 4.7Mb Flavors: r-release-macos-arm64, r-release-macos-x86_64, r-oldrel-macos-arm64, r-oldrel-macos-x86_64