CRAN Package Check Results for Package BMRBr

Last updated on 2024-05-21 19:50:10 CEST.

Flavor Version Tinstall Tcheck Ttotal Status Flags
r-devel-linux-x86_64-debian-clang 0.2.0 3.80 41.31 45.11 NOTE
r-devel-linux-x86_64-debian-gcc 0.2.0 2.59 31.36 33.95 NOTE
r-devel-linux-x86_64-fedora-clang 0.2.0 56.24 NOTE
r-devel-linux-x86_64-fedora-gcc 0.2.0 66.03 NOTE
r-devel-windows-x86_64 0.2.0 5.00 56.00 61.00 NOTE
r-patched-linux-x86_64 0.2.0 3.40 38.98 42.38 NOTE
r-release-linux-x86_64 0.2.0 2.55 39.43 41.98 NOTE
r-release-macos-arm64 0.2.0 39.00 NOTE
r-release-windows-x86_64 0.2.0 5.00 57.00 62.00 NOTE
r-oldrel-macos-arm64 0.2.0 31.00 NOTE
r-oldrel-macos-x86_64 0.2.0 42.00 NOTE
r-oldrel-windows-x86_64 0.2.0 5.00 56.00 61.00 NOTE

Check Details

Version: 0.2.0
Check: package subdirectories
Result: NOTE Problems with news in ‘NEWS.md’: No news entries found. Flavors: r-devel-linux-x86_64-debian-clang, r-devel-linux-x86_64-debian-gcc, r-devel-linux-x86_64-fedora-clang, r-devel-linux-x86_64-fedora-gcc, r-devel-windows-x86_64, r-patched-linux-x86_64, r-release-linux-x86_64, r-release-macos-arm64, r-release-windows-x86_64, r-oldrel-macos-arm64, r-oldrel-macos-x86_64, r-oldrel-windows-x86_64

Version: 0.2.0
Check: LazyData
Result: NOTE 'LazyData' is specified without a 'data' directory Flavors: r-devel-linux-x86_64-debian-clang, r-devel-linux-x86_64-debian-gcc, r-devel-linux-x86_64-fedora-clang, r-devel-linux-x86_64-fedora-gcc, r-devel-windows-x86_64, r-patched-linux-x86_64, r-release-linux-x86_64, r-release-macos-arm64, r-release-windows-x86_64, r-oldrel-macos-arm64, r-oldrel-macos-x86_64, r-oldrel-windows-x86_64