CRAN Package Check Results for Package BGGE

Last updated on 2024-06-16 19:53:12 CEST.

Flavor Version Tinstall Tcheck Ttotal Status Flags
r-devel-linux-x86_64-debian-clang 0.6.5 2.05 30.71 32.76 NOTE
r-devel-linux-x86_64-debian-gcc 0.6.5 2.14 25.40 27.54 NOTE
r-devel-linux-x86_64-fedora-clang 0.6.5 41.60 NOTE
r-devel-linux-x86_64-fedora-gcc 0.6.5 42.18 NOTE
r-devel-windows-x86_64 0.6.5 3.00 44.00 47.00 NOTE
r-patched-linux-x86_64 0.6.5 2.42 32.36 34.78 NOTE
r-release-linux-x86_64 0.6.5 2.14 31.96 34.10 NOTE
r-release-macos-arm64 0.6.5 17.00 NOTE
r-release-macos-x86_64 0.6.5 45.00 NOTE
r-release-windows-x86_64 0.6.5 2.00 46.00 48.00 NOTE
r-oldrel-macos-arm64 0.6.5 18.00 NOTE
r-oldrel-macos-x86_64 0.6.5 27.00 NOTE
r-oldrel-windows-x86_64 0.6.5 3.00 50.00 53.00 NOTE

Check Details

Version: 0.6.5
Check: LazyData
Result: NOTE 'LazyData' is specified without a 'data' directory Flavors: r-devel-linux-x86_64-debian-clang, r-devel-linux-x86_64-debian-gcc, r-devel-linux-x86_64-fedora-clang, r-devel-linux-x86_64-fedora-gcc, r-devel-windows-x86_64, r-patched-linux-x86_64, r-release-linux-x86_64, r-release-macos-arm64, r-release-macos-x86_64, r-release-windows-x86_64, r-oldrel-macos-arm64, r-oldrel-macos-x86_64, r-oldrel-windows-x86_64