CRAN Package Check Results for Package AzureGraph

Last updated on 2024-06-14 20:03:15 CEST.

Flavor Version Tinstall Tcheck Ttotal Status Flags
r-devel-linux-x86_64-debian-clang 1.3.4 8.76 42.02 50.78 OK
r-devel-linux-x86_64-debian-gcc 1.3.4 9.79 31.84 41.63 OK
r-devel-linux-x86_64-fedora-clang 1.3.4 69.14 NOTE
r-devel-linux-x86_64-fedora-gcc 1.3.4 78.05 NOTE
r-devel-windows-x86_64 1.3.4 10.00 57.00 67.00 OK
r-patched-linux-x86_64 1.3.4 16.35 40.16 56.51 OK
r-release-linux-x86_64 1.3.4 8.92 39.62 48.54 OK
r-release-macos-arm64 1.3.4 32.00 OK
r-release-macos-x86_64 1.3.4 51.00 OK
r-release-windows-x86_64 1.3.4 11.00 62.00 73.00 OK
r-oldrel-macos-arm64 1.3.4 45.00 OK
r-oldrel-macos-x86_64 1.3.4 58.00 OK
r-oldrel-windows-x86_64 1.3.4 14.00 61.00 75.00 OK

Check Details

Version: 1.3.4
Check: dependencies in R code
Result: NOTE Namespace in Imports field not imported from: ‘curl’ All declared Imports should be used. Flavors: r-devel-linux-x86_64-fedora-clang, r-devel-linux-x86_64-fedora-gcc