CRAN Package Check Results for Package Autoplotprotein

Last updated on 2024-05-24 19:56:25 CEST.

Flavor Version Tinstall Tcheck Ttotal Status Flags
r-devel-linux-x86_64-debian-clang 1.1 5.90 46.07 51.97 NOTE
r-devel-linux-x86_64-debian-gcc 1.1 2.70 33.93 36.63 NOTE
r-devel-linux-x86_64-fedora-clang 1.1 65.90 NOTE
r-devel-linux-x86_64-fedora-gcc 1.1 58.61 NOTE
r-devel-windows-x86_64 1.1 5.00 60.00 65.00 NOTE
r-patched-linux-x86_64 1.1 5.13 42.89 48.02 NOTE
r-release-linux-x86_64 1.1 5.27 44.41 49.68 NOTE
r-release-macos-arm64 1.1 21.00 NOTE
r-release-windows-x86_64 1.1 5.00 60.00 65.00 NOTE
r-oldrel-macos-arm64 1.1 25.00 OK
r-oldrel-macos-x86_64 1.1 31.00 OK
r-oldrel-windows-x86_64 1.1 7.00 63.00 70.00 OK

Check Details

Version: 1.1
Check: Rd files
Result: NOTE checkRd: (-1) Autoplotprotein-package.Rd:27: Lost braces 27 | code{\link{help}} | ^ checkRd: (-1) Autoplotprotein.Rd:25: Lost braces 25 | code{\link{help}} | ^ checkRd: (-1) data.Rd:22: Lost braces 22 | code{\link{help}} | ^ checkRd: (-1) domain_data.Rd:29: Lost braces 29 | code{\link{help}} | ^ checkRd: (-1) length_data.Rd:32: Lost braces 32 | code{\link{help}} | ^ checkRd: (-1) plotdomain.Rd:30: Lost braces 30 | code{\link{help}} | ^ checkRd: (-1) plotmutagensis.Rd:30: Lost braces 30 | code{\link{help}} | ^ checkRd: (-1) plotsite.Rd:30: Lost braces 30 | code{\link{help}} | ^ checkRd: (-1) site_data.Rd:30: Lost braces 30 | code{\link{help}} | ^ Flavors: r-devel-linux-x86_64-debian-clang, r-devel-linux-x86_64-debian-gcc, r-devel-linux-x86_64-fedora-clang, r-devel-linux-x86_64-fedora-gcc, r-devel-windows-x86_64, r-patched-linux-x86_64, r-release-linux-x86_64, r-release-macos-arm64, r-release-windows-x86_64