CRAN Package Check Results for Package AutoScore

Last updated on 2024-06-12 19:54:11 CEST.

Flavor Version Tinstall Tcheck Ttotal Status Flags
r-devel-linux-x86_64-debian-clang 1.0.0 20.23 178.41 198.64 OK
r-devel-linux-x86_64-debian-gcc 1.0.0 0.42 1.91 2.33 ERROR
r-devel-linux-x86_64-fedora-clang 1.0.0 264.24 OK
r-devel-linux-x86_64-fedora-gcc 1.0.0 252.85 OK
r-devel-windows-x86_64 1.0.0 22.00 158.00 180.00 OK
r-patched-linux-x86_64 1.0.0 16.21 173.01 189.22 OK
r-release-linux-x86_64 1.0.0 21.84 173.30 195.14 OK
r-release-macos-arm64 1.0.0 91.00 OK
r-release-macos-x86_64 1.0.0 114.00 OK
r-release-windows-x86_64 1.0.0 20.00 177.00 197.00 OK
r-oldrel-macos-arm64 1.0.0 126.00 OK
r-oldrel-macos-x86_64 1.0.0 134.00 OK
r-oldrel-windows-x86_64 1.0.0 26.00 225.00 251.00 OK

Check Details

Version: 1.0.0
Check: package dependencies
Result: ERROR Packages required but not available: 'tableone', 'ggplot2', 'Hmisc', 'car', 'coxed', 'dplyr', 'tidyr', 'plotly', 'randomForestSRC', 'survAUC', 'survminer' See section ‘The DESCRIPTION file’ in the ‘Writing R Extensions’ manual. Flavor: r-devel-linux-x86_64-debian-gcc