CRAN Package Check Results for Package Amelia

Last updated on 2025-06-16 09:49:18 CEST.

Flavor Version Tinstall Tcheck Ttotal Status Flags
r-devel-linux-x86_64-debian-clang 1.8.3 33.56 73.65 107.21 OK
r-devel-linux-x86_64-debian-gcc 1.8.3 25.85 53.67 79.52 OK
r-devel-linux-x86_64-fedora-clang 1.8.3 167.87 OK
r-devel-linux-x86_64-fedora-gcc 1.8.3 191.72 OK
r-devel-windows-x86_64 1.8.3 39.00 100.00 139.00 OK
r-patched-linux-x86_64 1.8.3 37.12 68.60 105.72 OK
r-release-linux-x86_64 1.8.3 34.54 68.21 102.75 OK
r-release-macos-arm64 1.8.3 67.00 OK
r-release-macos-x86_64 1.8.3 120.00 OK
r-release-windows-x86_64 1.8.3 38.00 100.00 138.00 OK
r-oldrel-macos-arm64 1.8.3 57.00 NOTE
r-oldrel-macos-x86_64 1.8.3 161.00 NOTE
r-oldrel-windows-x86_64 1.8.3 48.00 124.00 172.00 OK

Check Details

Version: 1.8.3
Check: installed package size
Result: NOTE installed size is 5.6Mb sub-directories of 1Mb or more: doc 1.4Mb libs 3.6Mb Flavors: r-oldrel-macos-arm64, r-oldrel-macos-x86_64