Last updated on 2023-01-31 17:53:56 CET.
Flavor | Version | Tinstall | Tcheck | Ttotal | Status | Flags |
---|---|---|---|---|---|---|
r-devel-linux-x86_64-debian-clang | 2.0.1 | 17.24 | 451.68 | 468.92 | NOTE | |
r-devel-linux-x86_64-debian-gcc | 2.0.1 | 11.87 | 318.17 | 330.04 | NOTE | |
r-devel-linux-x86_64-fedora-clang | 2.0.1 | 549.50 | NOTE | |||
r-devel-linux-x86_64-fedora-gcc | 2.0.1 | 551.50 | NOTE | |||
r-devel-windows-x86_64 | 2.0.1 | 46.00 | 519.00 | 565.00 | OK | |
r-patched-linux-x86_64 | 2.0.1 | 15.28 | 337.05 | 352.33 | NOTE | |
r-release-linux-x86_64 | 2.0.1 | 14.00 | 330.48 | 344.48 | NOTE | |
r-release-macos-arm64 | 2.0.1 | 113.00 | OK | |||
r-release-macos-x86_64 | 2.0.1 | 189.00 | OK | |||
r-release-windows-x86_64 | 2.0.1 | 38.00 | 392.00 | 430.00 | OK | |
r-oldrel-macos-arm64 | 2.0.1 | 208.00 | OK | |||
r-oldrel-macos-x86_64 | 2.0.1 | 180.00 | OK | |||
r-oldrel-windows-ix86+x86_64 | 2.0.1 | 32.00 | 406.00 | 438.00 | OK |
Version: 2.0.1
Check: for non-standard things in the check directory
Result: NOTE
Found the following files/directories:
‘table_AeRobiology’
Flavors: r-devel-linux-x86_64-debian-clang, r-devel-linux-x86_64-debian-gcc, r-devel-linux-x86_64-fedora-clang, r-devel-linux-x86_64-fedora-gcc, r-patched-linux-x86_64, r-release-linux-x86_64