CRAN Package Check Results for Package ARDL

Last updated on 2024-07-20 08:49:36 CEST.

Flavor Version Tinstall Tcheck Ttotal Status Flags
r-devel-linux-x86_64-debian-clang 0.2.4 9.10 276.41 285.51 NOTE
r-devel-linux-x86_64-debian-gcc 0.2.4 7.17 221.99 229.16 NOTE
r-devel-linux-x86_64-fedora-clang 0.2.4 374.23 NOTE
r-devel-linux-x86_64-fedora-gcc 0.2.4 384.83 NOTE
r-devel-windows-x86_64 0.2.4 9.00 211.00 220.00 NOTE
r-patched-linux-x86_64 0.2.4 8.95 282.48 291.43 NOTE
r-release-linux-x86_64 0.2.4 8.37 295.66 304.03 NOTE
r-release-macos-arm64 0.2.4 87.00 NOTE
r-release-macos-x86_64 0.2.4 149.00 NOTE
r-release-windows-x86_64 0.2.4 9.00 212.00 221.00 NOTE
r-oldrel-macos-arm64 0.2.4 100.00 OK
r-oldrel-macos-x86_64 0.2.4 173.00 OK
r-oldrel-windows-x86_64 0.2.4 12.00 287.00 299.00 OK

Check Details

Version: 0.2.4
Check: Rd files
Result: NOTE checkRd: (-1) recm.Rd:55: Lost braces; missing escapes or markup? 55 | {In all cases,} \eqn{x_{j,t-1}} {in} \eqn{ECT} {is replaced by} \eqn{x_{j,t} \;\;\;\;\; \forall \;\; q_{j} = 0} | ^ checkRd: (-1) recm.Rd:55: Lost braces; missing escapes or markup? 55 | {In all cases,} \eqn{x_{j,t-1}} {in} \eqn{ECT} {is replaced by} \eqn{x_{j,t} \;\;\;\;\; \forall \;\; q_{j} = 0} | ^ checkRd: (-1) recm.Rd:55: Lost braces; missing escapes or markup? 55 | {In all cases,} \eqn{x_{j,t-1}} {in} \eqn{ECT} {is replaced by} \eqn{x_{j,t} \;\;\;\;\; \forall \;\; q_{j} = 0} | ^ checkRd: (-1) uecm.Rd:76: Lost braces; missing escapes or markup? 76 | {In addition,} \eqn{x_{j,t-1}} {and} \eqn{\Delta x_{j,t}} {cancel out | ^ checkRd: (-1) uecm.Rd:76: Lost braces; missing escapes or markup? 76 | {In addition,} \eqn{x_{j,t-1}} {and} \eqn{\Delta x_{j,t}} {cancel out | ^ checkRd: (-1) uecm.Rd:76-77: Lost braces 76 | {In addition,} \eqn{x_{j,t-1}} {and} \eqn{\Delta x_{j,t}} {cancel out | ^ Flavors: r-devel-linux-x86_64-debian-clang, r-devel-linux-x86_64-debian-gcc, r-devel-linux-x86_64-fedora-clang, r-devel-linux-x86_64-fedora-gcc, r-devel-windows-x86_64, r-patched-linux-x86_64, r-release-linux-x86_64, r-release-macos-arm64, r-release-macos-x86_64, r-release-windows-x86_64